{"id":9738,"date":"2021-01-27T18:41:27","date_gmt":"2021-01-27T17:41:27","guid":{"rendered":"http:\/\/www.euroschool.lu\/site\/?page_id=9738"},"modified":"2024-10-06T12:09:53","modified_gmt":"2024-10-06T10:09:53","slug":"secondaire-accueil","status":"publish","type":"page","link":"https:\/\/www.euroschool.lu\/site\/fr\/secondaire-accueil\/","title":{"rendered":"Secondaire : Accueil"},"content":{"rendered":"<div class=\"wpb-content-wrapper\"><p>[vc_row full_width=&#8221;stretch_row_content_no_spaces&#8221; css=&#8221;.vc_custom_1611767278898{margin-bottom: 0px !important;}&#8221;][vc_column css=&#8221;.vc_custom_1589920029564{margin-bottom: 0px !important;}&#8221; offset=&#8221;vc_hidden-sm vc_hidden-xs&#8221;][vc_custom_heading text=&#8221;&#8221; font_container=&#8221;tag:h1|text_align:left&#8221; use_theme_fonts=&#8221;yes&#8221; el_class=&#8221;custom-header&#8221; css=&#8221;.vc_custom_1623917738632{background-image: url(http:\/\/www.euroschool.lu\/site\/wp-content\/uploads\/2021\/06\/Slider_Secondary.jpg?id=11117) !important;background-position: center !important;background-repeat: no-repeat !important;background-size: cover !important;}&#8221;][\/vc_column][\/vc_row][vc_row full_width=&#8221;stretch_row_content_no_spaces&#8221; css=&#8221;.vc_custom_1611767283046{margin-bottom: 0px !important;}&#8221;][vc_column css=&#8221;.vc_custom_1589920591194{margin-bottom: 0px !important;}&#8221; offset=&#8221;vc_hidden-lg vc_hidden-md&#8221;][vc_custom_heading text=&#8221;&#8221; font_container=&#8221;tag:h1|text_align:left&#8221; use_theme_fonts=&#8221;yes&#8221; el_class=&#8221;custom-header-mob&#8221; css=&#8221;.vc_custom_1623917751908{background-image: url(http:\/\/www.euroschool.lu\/site\/wp-content\/uploads\/2021\/06\/Slider_Secondary.jpg?id=11117) !important;background-position: center !important;background-repeat: no-repeat !important;background-size: cover !important;}&#8221;][\/vc_column][\/vc_row][vc_row el_class=&#8221;main-box&#8221;][vc_column width=&#8221;1\/5&#8243; offset=&#8221;vc_hidden-md vc_hidden-sm vc_hidden-xs&#8221; el_class=&#8221;sidebar-menu&#8221;][vc_widget_sidebar sidebar_id=&#8221;sidebar-sidebar-menu-sec-fr&#8221; el_class=&#8221;sidebar-menu-sec&#8221;][\/vc_column][vc_column width=&#8221;4\/5&#8243; el_class=&#8221;main-column&#8221;][vc_column_text el_class=&#8221;page-title&#8221;]<\/p>\n<h1>Secondaire : Accueil<\/h1>\n<p>[\/vc_column_text][vc_column_text css=&#8221;.vc_custom_1728209390825{padding-top: 10px !important;}&#8221;]<strong>Bienvenue sur les pages de l&#8217;Ecole secondaire de l&#8217;Ecole europ\u00e9enne Luxembourg 1, Kirchberg ! <\/strong><\/p>\n<p>Avec pr\u00e8s de 1900 \u00e9l\u00e8ves dans le cycle secondaire, nous repr\u00e9sentons l&#8217;une des plus grandes communaut\u00e9s du r\u00e9seau des Ecoles europ\u00e9ennes. Dans le cycle secondaire, nous avons actuellement 10 sections linguistiques (allemand, anglais, fran\u00e7ais, espagnol, n\u00e9erlandais, portugais, su\u00e9dois, finlandais, polonais et lituanien). Cela pose des d\u00e9fis tr\u00e8s particuliers non seulement \u00e0 notre personnel enseignant, mais aussi aux \u00e9l\u00e8ves. En m\u00eame temps, notre \u00e9cole rassemble un conglom\u00e9rat culturel et linguistique unique au Luxembourg et dans les environs, ce qui est particuli\u00e8rement stimulant et multiculturel.<\/p>\n<p>Au total, environ 190 enseignants et une trentaine d&#8217;assistants travaillent chaque jour avec les \u00e9l\u00e8ves pour les pr\u00e9parer \u00e0 la vie et \u00e0 leur future carri\u00e8re scolaire et professionnelle.\u00a0 Malgr\u00e9 sa taille, l&#8217;\u00e9quipe p\u00e9dagogique s&#8217;attache \u00e0 cr\u00e9er et \u00e0 maintenir une atmosph\u00e8re aussi accueillante et coop\u00e9rative que possible, ce qui, selon nous, constitue la base d&#8217;un bon apprentissage et d&#8217;un d\u00e9veloppement harmonieux de la personnalit\u00e9 des \u00e9l\u00e8ves.<\/p>\n<p>Notre \u00e9quipe p\u00e9dagogique est soutenue par un secr\u00e9tariat restreint, mais exp\u00e9riment\u00e9 et efficace, dans lequel transite la majorit\u00e9 des informations pratiques relatives \u00e0 l&#8217;organisation. Pour la partie p\u00e9dagogique, les coordinateurs peuvent vous aider et vous conseiller, en fonction de vos besoins p\u00e9dagogiques.<\/p>\n<p>Sur les pages de ce site, vous trouverez toutes les informations importantes et n\u00e9cessaires, qui vous donneront \u00e9galement un aper\u00e7u de la philosophie de l&#8217;\u00e9cole, ainsi que de ses projets quotidiens pour les pr\u00e9parer \u00e0 la vie et \u00e0 leurs futures carri\u00e8res \u00e9ducatives et professionnelles.[\/vc_column_text][vc_separator style=&#8221;double&#8221; css=&#8221;.vc_custom_1678204538779{margin-top: 0px !important;border-top-width: 0px !important;padding-top: 10px !important;}&#8221;][\/vc_column][\/vc_row][vc_row][vc_column][vc_empty_space height=&#8221;20&#8243;][\/vc_column][\/vc_row]<\/p>\n<\/div>","protected":false},"excerpt":{"rendered":"<p>[vc_row full_width=&#8221;stretch_row_content_no_spaces&#8221; css=&#8221;.vc_custom_1611767278898{margin-bottom: 0px !important;}&#8221;][vc_column css=&#8221;.vc_custom_1589920029564{margin-bottom: 0px !important;}&#8221; offset=&#8221;vc_hidden-sm vc_hidden-xs&#8221;][vc_custom_heading text=&#8221;&#8221; font_container=&#8221;tag:h1|text_align:left&#8221; use_theme_fonts=&#8221;yes&#8221; el_class=&#8221;custom-header&#8221; css=&#8221;.vc_custom_1623917738632{background-image:<span class=\"excerpt-hellip\"> [\u2026]<\/span><\/p>\n","protected":false},"author":1,"featured_media":0,"parent":0,"menu_order":0,"comment_status":"closed","ping_status":"closed","template":"","meta":{"footnotes":""},"categories":[59],"class_list":["post-9738","page","type-page","status-publish","hentry","category-_page-sec-fr"],"_links":{"self":[{"href":"https:\/\/www.euroschool.lu\/site\/wp-json\/wp\/v2\/pages\/9738","targetHints":{"allow":["GET"]}}],"collection":[{"href":"https:\/\/www.euroschool.lu\/site\/wp-json\/wp\/v2\/pages"}],"about":[{"href":"https:\/\/www.euroschool.lu\/site\/wp-json\/wp\/v2\/types\/page"}],"author":[{"embeddable":true,"href":"https:\/\/www.euroschool.lu\/site\/wp-json\/wp\/v2\/users\/1"}],"replies":[{"embeddable":true,"href":"https:\/\/www.euroschool.lu\/site\/wp-json\/wp\/v2\/comments?post=9738"}],"version-history":[{"count":9,"href":"https:\/\/www.euroschool.lu\/site\/wp-json\/wp\/v2\/pages\/9738\/revisions"}],"predecessor-version":[{"id":18364,"href":"https:\/\/www.euroschool.lu\/site\/wp-json\/wp\/v2\/pages\/9738\/revisions\/18364"}],"wp:attachment":[{"href":"https:\/\/www.euroschool.lu\/site\/wp-json\/wp\/v2\/media?parent=9738"}],"wp:term":[{"taxonomy":"category","embeddable":true,"href":"https:\/\/www.euroschool.lu\/site\/wp-json\/wp\/v2\/categories?post=9738"}],"curies":[{"name":"wp","href":"https:\/\/api.w.org\/{rel}","templated":true}]}}