{"id":7439,"date":"2020-05-20T11:30:42","date_gmt":"2020-05-20T09:30:42","guid":{"rendered":"http:\/\/www.euroschool.lu\/site\/?page_id=7439"},"modified":"2025-08-28T14:02:47","modified_gmt":"2025-08-28T12:02:47","slug":"horaires","status":"publish","type":"page","link":"https:\/\/www.euroschool.lu\/site\/fr\/horaires\/","title":{"rendered":"Horaires"},"content":{"rendered":"<div class=\"wpb-content-wrapper\"><p>[vc_row full_width=&#8221;stretch_row_content_no_spaces&#8221; css=&#8221;.vc_custom_1589920007717{margin-bottom: 0px !important;}&#8221;][vc_column css=&#8221;.vc_custom_1589920029564{margin-bottom: 0px !important;}&#8221; offset=&#8221;vc_hidden-sm vc_hidden-xs&#8221;][vc_custom_heading text=&#8221;&#8221; font_container=&#8221;tag:h1|text_align:left&#8221; use_theme_fonts=&#8221;yes&#8221; el_class=&#8221;custom-header&#8221; css=&#8221;.vc_custom_1623845963534{background-image: url(http:\/\/www.euroschool.lu\/site\/wp-content\/uploads\/2021\/06\/timetable2.jpg?id=10940) !important;background-position: center !important;background-repeat: no-repeat !important;background-size: cover !important;}&#8221;][\/vc_column][\/vc_row][vc_row full_width=&#8221;stretch_row_content_no_spaces&#8221; css=&#8221;.vc_custom_1589920007717{margin-bottom: 0px !important;}&#8221;][vc_column css=&#8221;.vc_custom_1589920591194{margin-bottom: 0px !important;}&#8221; offset=&#8221;vc_hidden-lg vc_hidden-md&#8221;][vc_custom_heading text=&#8221;&#8221; font_container=&#8221;tag:h1|text_align:left&#8221; use_theme_fonts=&#8221;yes&#8221; el_class=&#8221;custom-header-mob&#8221; css=&#8221;.vc_custom_1623845979401{background-image: url(http:\/\/www.euroschool.lu\/site\/wp-content\/uploads\/2021\/06\/timetable2.jpg?id=10940) !important;background-position: center !important;background-repeat: no-repeat !important;background-size: cover !important;}&#8221;][\/vc_column][\/vc_row][vc_row el_class=&#8221;main-box&#8221;][vc_column width=&#8221;1\/5&#8243; offset=&#8221;vc_hidden-md vc_hidden-sm vc_hidden-xs&#8221; el_class=&#8221;sidebar-menu&#8221;][vc_widget_sidebar sidebar_id=&#8221;sidebar-sidebar-menu-about-fr&#8221; el_class=&#8221;sidebar-menu-about&#8221;][\/vc_column][vc_column width=&#8221;4\/5&#8243; el_class=&#8221;main-column&#8221;][vc_column_text el_class=&#8221;page-title&#8221;]<\/p>\n<h1>Horaires<\/h1>\n<p>[\/vc_column_text][vc_column_text]<i class=\"icon-doc\" style=\"\" aria-hidden=\"true\"><\/i><i class=\"icon-right\" style=\"\" aria-hidden=\"true\"><\/i><i class=\"icon-doc-landscape\" style=\"\" aria-hidden=\"true\"><\/i>Veuillez tourner votre t\u00e9l\u00e9phone en mode paysage pour une meilleure visibilit\u00e9.[\/vc_column_text][vc_tta_accordion gap=&#8221;2&#8243; active_section=&#8221;0&#8243; no_fill=&#8221;true&#8221; collapsible_all=&#8221;true&#8221;][vc_tta_section title=&#8221;Ecole maternelle&#8221; tab_id=&#8221;1566207413547-88872a54-bb41feb6-c82a9fb0-caafaded-60a6&#8243;][vc_row_inner][vc_column_inner][vc_column_text]<\/p>\n<table>\n<thead>\n<tr>\n<th>Lundi*<\/th>\n<th>Mardi<\/th>\n<th>Mercredi<\/th>\n<th>Jeudi<\/th>\n<th>vendredi<\/th>\n<\/tr>\n<\/thead>\n<tbody>\n<tr>\n<td colspan=\"5\"><strong>Le b\u00e2timent est ouvert \u00e0 partir de 8h15.<\/strong><\/td>\n<\/tr>\n<tr>\n<td>8:30-16:00<\/td>\n<td>8:30-12:50<\/td>\n<td>8:30-12:50<\/td>\n<td>8:30-12:50<\/td>\n<td>8:30-12:50<\/td>\n<\/tr>\n<tr>\n<td style=\"border-left: 0; border-right: 0; border-bottom: 0; font-size: 80% !important; line-height: 70% !important;\" colspan=\"5\">*Le lundi, le d\u00e9jeuner sera servi entre 12h00 et 13h00 dans la salle de classe.<\/td>\n<\/tr>\n<\/tbody>\n<\/table>\n<p>[\/vc_column_text][\/vc_column_inner][\/vc_row_inner][\/vc_tta_section][vc_tta_section title=&#8221;Ecole primaire&#8221; tab_id=&#8221;1566207413576-cc3295cd-03a7feb6-c82a9fb0-caafaded-60a6&#8243;][vc_row_inner][vc_column_inner][vc_column_text]<\/p>\n<table>\n<thead>\n<tr>\n<th style=\"background-color: #ffffff; border-left: 0; border-top: 0; border-bottom: 0;\"><\/th>\n<th>Lundi<\/th>\n<th>Mardi<\/th>\n<th>Mercredi<\/th>\n<th>Jeudi<\/th>\n<th>Vendredi<\/th>\n<\/tr>\n<\/thead>\n<tbody>\n<tr>\n<td style=\"background-color: #ffffff; border-left: 0; border-top: 0;\"><\/td>\n<td colspan=\"5\"><strong>Le b\u00e2timent est ouvert \u00e0 partir de 8h10.<\/strong><\/td>\n<\/tr>\n<tr>\n<td style=\"background-color: #ededed;\"><strong>P1-P2<sup>1<\/sup><\/strong><\/td>\n<td>8:30-15:30 \/ 16:00<\/td>\n<td>8:30-13:00<\/td>\n<td>8:30-15:30 \/ 16:00<\/td>\n<td>8:30-13:00<\/td>\n<td>8:30-13:00<\/td>\n<\/tr>\n<tr>\n<td style=\"background-color: #ededed;\"><strong>P3-P4-P5<sup>2<\/sup><\/strong><\/td>\n<td>8:25-16:00<\/td>\n<td>8:25-13:15<\/td>\n<td>8:25- 15:00 \/ 16:00<\/td>\n<td>8:25-13:15<\/td>\n<td>8:25-13:15<\/td>\n<\/tr>\n<tr>\n<td style=\"border-left: 0; border-right: 0; border-bottom: 0; font-size: 80% !important; line-height: 70% !important;\" colspan=\"6\"><sup>1<\/sup> Les pauses d\u00e9jeuner ont lieu le lundi et le mercredi de 12h00 \u00e0 13h00.<\/p>\n<ul>\n<li>La pause d\u00e9jeuner pour les classes de P1 et P2 aura lieu de 12h00 \u00e0 13h00.<\/li>\n<\/ul>\n<p><sup>2<\/sup> Les pauses d\u00e9jeuner ont lieu le lundi et le mercredi de 13h15 \u00e0 14h15..<\/p>\n<ul>\n<li>La pause d\u00e9jeuner pour les classes de P3, P4 et P5 aura lieu de 13h15 \u00e0 14h15.<\/li>\n<\/ul>\n<\/td>\n<\/tr>\n<\/tbody>\n<\/table>\n<p>[\/vc_column_text][\/vc_column_inner][\/vc_row_inner][\/vc_tta_section][vc_tta_section title=&#8221;Ecole secondaire&#8221; tab_id=&#8221;1566207619946-acd17d8c-d46cfeb6-c82a9fb0-caafaded-60a6&#8243;][vc_row_inner][vc_column_inner width=&#8221;1\/6&#8243;][\/vc_column_inner][vc_column_inner width=&#8221;2\/3&#8243;][vc_column_text el_id=&#8221;newTimetable&#8221; css=&#8221;.vc_custom_1756382175703{margin-top: 10px !important;margin-bottom: 10px !important;}&#8221;]<\/p>\n<h2 style=\"text-align: center;\"><strong>Nouvelle grille horaire \u00e0 partir de septembre 2025<\/strong><\/h2>\n<p>[\/vc_column_text][vc_column_text]<\/p>\n<table>\n<thead>\n<tr>\n<th>Lundi<\/th>\n<th>Mardi<\/th>\n<th>Mercredi<\/th>\n<th>Jeudi<\/th>\n<th>Vendredi<\/th>\n<\/tr>\n<\/thead>\n<tbody>\n<tr>\n<td colspan=\"5\"><strong>Le b\u00e2timent est ouvert \u00e0 partir de 7h50.<\/strong><\/td>\n<\/tr>\n<tr>\n<td colspan=\"5\">8:20-16:00<\/td>\n<\/tr>\n<tr>\n<td style=\"border-left: 0; border-right: 0; border-bottom: 0; font-size: 80% !important; line-height: 70% !important;\" colspan=\"5\">Les pauses d\u00e9jeuner ont lieu de 11h50 \u00e0 14h20 (service continu \u00e0 la cantine).<\/td>\n<\/tr>\n<\/tbody>\n<\/table>\n<table width=\"80%\">\n<thead>\n<tr>\n<th colspan=\"3\">Premi\u00e8re sonnerie \u00e0 8h15.<\/th>\n<\/tr>\n<\/thead>\n<tbody>\n<tr>\n<td>1<sup>\u00e8re<\/sup> le\u00e7on<\/td>\n<td>8:20<\/td>\n<td>9:05<\/td>\n<\/tr>\n<tr>\n<td>2<sup>\u00e8me<\/sup> le\u00e7on<\/td>\n<td>9:10<\/td>\n<td>9:55<\/td>\n<\/tr>\n<tr>\n<td>3<sup>\u00e8me<\/sup> le\u00e7on<\/td>\n<td>10:00<\/td>\n<td>10:45<\/td>\n<\/tr>\n<tr>\n<td><strong>Pause<\/strong><\/td>\n<td><strong>10:45<\/strong><\/td>\n<td><strong>11:05<\/strong><\/td>\n<\/tr>\n<tr>\n<td>4<sup>\u00e8me<\/sup> le\u00e7on<\/td>\n<td>11:05<\/td>\n<td>11:50<\/td>\n<\/tr>\n<tr>\n<td>5<sup>\u00e8me<\/sup> le\u00e7on<\/td>\n<td>11:55<\/td>\n<td>12:40<\/td>\n<\/tr>\n<tr>\n<td>6<sup>\u00e8me<\/sup> le\u00e7on<\/td>\n<td>12:45<\/td>\n<td>13:30<\/td>\n<\/tr>\n<tr>\n<td>7<sup>\u00e8me<\/sup> le\u00e7on<\/td>\n<td>13:35<\/td>\n<td>14:20<\/td>\n<\/tr>\n<tr>\n<td>8<sup>\u00e8me<\/sup> le\u00e7on<\/td>\n<td>14:25<\/td>\n<td>15:10<\/td>\n<\/tr>\n<tr>\n<td>9<sup>\u00e8me<\/sup> le\u00e7on<\/td>\n<td>15:15<\/td>\n<td>16:00<\/td>\n<\/tr>\n<tr>\n<td style=\"border-left: 0; border-right: 0; border-bottom: 0; font-size: 80% !important; line-height: 70% !important;\"><\/td>\n<\/tr>\n<\/tbody>\n<\/table>\n<p>[\/vc_column_text][\/vc_column_inner][vc_column_inner width=&#8221;1\/6&#8243;][\/vc_column_inner][\/vc_row_inner][\/vc_tta_section][\/vc_tta_accordion][\/vc_column][\/vc_row][vc_row][vc_column][vc_empty_space height=&#8221;20&#8243;][\/vc_column][\/vc_row]<\/p>\n<\/div>","protected":false},"excerpt":{"rendered":"<p>[vc_row full_width=&#8221;stretch_row_content_no_spaces&#8221; css=&#8221;.vc_custom_1589920007717{margin-bottom: 0px !important;}&#8221;][vc_column css=&#8221;.vc_custom_1589920029564{margin-bottom: 0px !important;}&#8221; offset=&#8221;vc_hidden-sm vc_hidden-xs&#8221;][vc_custom_heading text=&#8221;&#8221; font_container=&#8221;tag:h1|text_align:left&#8221; use_theme_fonts=&#8221;yes&#8221; el_class=&#8221;custom-header&#8221; css=&#8221;.vc_custom_1623845963534{background-image:<span class=\"excerpt-hellip\"> [\u2026]<\/span><\/p>\n","protected":false},"author":1,"featured_media":0,"parent":0,"menu_order":0,"comment_status":"closed","ping_status":"closed","template":"","meta":{"footnotes":""},"categories":[67],"class_list":["post-7439","page","type-page","status-publish","hentry","category-_page-main-fr-2"],"_links":{"self":[{"href":"https:\/\/www.euroschool.lu\/site\/wp-json\/wp\/v2\/pages\/7439","targetHints":{"allow":["GET"]}}],"collection":[{"href":"https:\/\/www.euroschool.lu\/site\/wp-json\/wp\/v2\/pages"}],"about":[{"href":"https:\/\/www.euroschool.lu\/site\/wp-json\/wp\/v2\/types\/page"}],"author":[{"embeddable":true,"href":"https:\/\/www.euroschool.lu\/site\/wp-json\/wp\/v2\/users\/1"}],"replies":[{"embeddable":true,"href":"https:\/\/www.euroschool.lu\/site\/wp-json\/wp\/v2\/comments?post=7439"}],"version-history":[{"count":25,"href":"https:\/\/www.euroschool.lu\/site\/wp-json\/wp\/v2\/pages\/7439\/revisions"}],"predecessor-version":[{"id":19626,"href":"https:\/\/www.euroschool.lu\/site\/wp-json\/wp\/v2\/pages\/7439\/revisions\/19626"}],"wp:attachment":[{"href":"https:\/\/www.euroschool.lu\/site\/wp-json\/wp\/v2\/media?parent=7439"}],"wp:term":[{"taxonomy":"category","embeddable":true,"href":"https:\/\/www.euroschool.lu\/site\/wp-json\/wp\/v2\/categories?post=7439"}],"curies":[{"name":"wp","href":"https:\/\/api.w.org\/{rel}","templated":true}]}}

<div class="wpb-content-wrapper"><p>[vc_row full_width=&#8221;stretch_row_content_no_spaces&#8221; css=&#8221;.vc_custom_1589920007717{margin-bottom: 0px !important;}&#8221;][vc_column css=&#8221;.vc_custom_1589920029564{margin-bottom: 0px !important;}&#8221; offset=&#8221;vc_hidden-sm vc_hidden-xs&#8221;][vc_custom_heading text=&#8221;&#8221; font_container=&#8221;tag:h1|text_align:left&#8221; use_theme_fonts=&#8221;yes&#8221; el_class=&#8221;custom-header&#8221; css=&#8221;.vc_custom_1623845963534{background-image: url(http://www.euroschool.lu/site/wp-content/uploads/2021/06/timetable2.jpg?id=10940) !important;background-position: center !important;background-repeat: no-repeat !important;background-size: cover !important;}&#8221;][/vc_column][/vc_row][vc_row full_width=&#8221;stretch_row_content_no_spaces&#8221; css=&#8221;.vc_custom_1589920007717{margin-bottom: 0px !important;}&#8221;][vc_column css=&#8221;.vc_custom_1589920591194{margin-bottom: 0px !important;}&#8221; offset=&#8221;vc_hidden-lg vc_hidden-md&#8221;][vc_custom_heading text=&#8221;&#8221; font_container=&#8221;tag:h1|text_align:left&#8221; use_theme_fonts=&#8221;yes&#8221; el_class=&#8221;custom-header-mob&#8221; css=&#8221;.vc_custom_1623845979401{background-image: url(http://www.euroschool.lu/site/wp-content/uploads/2021/06/timetable2.jpg?id=10940) !important;background-position: center !important;background-repeat: no-repeat !important;background-size: cover !important;}&#8221;][/vc_column][/vc_row][vc_row el_class=&#8221;main-box&#8221;][vc_column width=&#8221;1/5&#8243; offset=&#8221;vc_hidden-md vc_hidden-sm vc_hidden-xs&#8221; el_class=&#8221;sidebar-menu&#8221;][vc_widget_sidebar sidebar_id=&#8221;sidebar-sidebar-menu-about-fr&#8221; el_class=&#8221;sidebar-menu-about&#8221;][/vc_column][vc_column width=&#8221;4/5&#8243; el_class=&#8221;main-column&#8221;][vc_column_text el_class=&#8221;page-title&#8221;]</p>
<h1>Horaires</h1>
<p>[/vc_column_text][vc_column_text]<i class="icon-doc" style="" aria-hidden="true"></i><i class="icon-right" style="" aria-hidden="true"></i><i class="icon-doc-landscape" style="" aria-hidden="true"></i>Veuillez tourner votre téléphone en mode paysage pour une meilleure visibilité.[/vc_column_text][vc_tta_accordion gap=&#8221;2&#8243; active_section=&#8221;0&#8243; no_fill=&#8221;true&#8221; collapsible_all=&#8221;true&#8221;][vc_tta_section title=&#8221;Ecole maternelle&#8221; tab_id=&#8221;1566207413547-88872a54-bb41feb6-c82a9fb0-caafaded-60a6&#8243;][vc_row_inner][vc_column_inner][vc_column_text]</p>
<table>
<thead>
<tr>
<th>Lundi*</th>
<th>Mardi</th>
<th>Mercredi</th>
<th>Jeudi</th>
<th>vendredi</th>
</tr>
</thead>
<tbody>
<tr>
<td colspan="5"><strong>Le bâtiment est ouvert à partir de 8h15.</strong></td>
</tr>
<tr>
<td>8:30-16:00</td>
<td>8:30-12:50</td>
<td>8:30-12:50</td>
<td>8:30-12:50</td>
<td>8:30-12:50</td>
</tr>
<tr>
<td style="border-left: 0; border-right: 0; border-bottom: 0; font-size: 80% !important; line-height: 70% !important;" colspan="5">*Le lundi, le déjeuner sera servi entre 12h00 et 13h00 dans la salle de classe.</td>
</tr>
</tbody>
</table>
<p>[/vc_column_text][/vc_column_inner][/vc_row_inner][/vc_tta_section][vc_tta_section title=&#8221;Ecole primaire&#8221; tab_id=&#8221;1566207413576-cc3295cd-03a7feb6-c82a9fb0-caafaded-60a6&#8243;][vc_row_inner][vc_column_inner][vc_column_text]</p>
<table>
<thead>
<tr>
<th style="background-color: #ffffff; border-left: 0; border-top: 0; border-bottom: 0;"></th>
<th>Lundi</th>
<th>Mardi</th>
<th>Mercredi</th>
<th>Jeudi</th>
<th>Vendredi</th>
</tr>
</thead>
<tbody>
<tr>
<td style="background-color: #ffffff; border-left: 0; border-top: 0;"></td>
<td colspan="5"><strong>Le bâtiment est ouvert à partir de 8h10.</strong></td>
</tr>
<tr>
<td style="background-color: #ededed;"><strong>P1-P2<sup>1</sup></strong></td>
<td>8:30-15:30 / 16:00</td>
<td>8:30-13:00</td>
<td>8:30-15:30 / 16:00</td>
<td>8:30-13:00</td>
<td>8:30-13:00</td>
</tr>
<tr>
<td style="background-color: #ededed;"><strong>P3-P4-P5<sup>2</sup></strong></td>
<td>8:25-16:00</td>
<td>8:25-13:15</td>
<td>8:25- 15:00 / 16:00</td>
<td>8:25-13:15</td>
<td>8:25-13:15</td>
</tr>
<tr>
<td style="border-left: 0; border-right: 0; border-bottom: 0; font-size: 80% !important; line-height: 70% !important;" colspan="6"><sup>1</sup> Les pauses déjeuner ont lieu le lundi et le mercredi de 12h00 à 13h00.</p>
<ul>
<li>La pause déjeuner pour les classes de P1 et P2 aura lieu de 12h00 à 13h00.</li>
</ul>
<p><sup>2</sup> Les pauses déjeuner ont lieu le lundi et le mercredi de 13h15 à 14h15..</p>
<ul>
<li>La pause déjeuner pour les classes de P3, P4 et P5 aura lieu de 13h15 à 14h15.</li>
</ul>
</td>
</tr>
</tbody>
</table>
<p>[/vc_column_text][/vc_column_inner][/vc_row_inner][/vc_tta_section][vc_tta_section title=&#8221;Ecole secondaire&#8221; tab_id=&#8221;1566207619946-acd17d8c-d46cfeb6-c82a9fb0-caafaded-60a6&#8243;][vc_row_inner][vc_column_inner width=&#8221;1/6&#8243;][/vc_column_inner][vc_column_inner width=&#8221;2/3&#8243;][vc_column_text el_id=&#8221;newTimetable&#8221; css=&#8221;.vc_custom_1756382175703{margin-top: 10px !important;margin-bottom: 10px !important;}&#8221;]</p>
<h2 style="text-align: center;"><strong>Nouvelle grille horaire à partir de septembre 2025</strong></h2>
<p>[/vc_column_text][vc_column_text]</p>
<table>
<thead>
<tr>
<th>Lundi</th>
<th>Mardi</th>
<th>Mercredi</th>
<th>Jeudi</th>
<th>Vendredi</th>
</tr>
</thead>
<tbody>
<tr>
<td colspan="5"><strong>Le bâtiment est ouvert à partir de 7h50.</strong></td>
</tr>
<tr>
<td colspan="5">8:20-16:00</td>
</tr>
<tr>
<td style="border-left: 0; border-right: 0; border-bottom: 0; font-size: 80% !important; line-height: 70% !important;" colspan="5">Les pauses déjeuner ont lieu de 11h50 à 14h20 (service continu à la cantine).</td>
</tr>
</tbody>
</table>
<table width="80%">
<thead>
<tr>
<th colspan="3">Première sonnerie à 8h15.</th>
</tr>
</thead>
<tbody>
<tr>
<td>1<sup>ère</sup> leçon</td>
<td>8:20</td>
<td>9:05</td>
</tr>
<tr>
<td>2<sup>ème</sup> leçon</td>
<td>9:10</td>
<td>9:55</td>
</tr>
<tr>
<td>3<sup>ème</sup> leçon</td>
<td>10:00</td>
<td>10:45</td>
</tr>
<tr>
<td><strong>Pause</strong></td>
<td><strong>10:45</strong></td>
<td><strong>11:05</strong></td>
</tr>
<tr>
<td>4<sup>ème</sup> leçon</td>
<td>11:05</td>
<td>11:50</td>
</tr>
<tr>
<td>5<sup>ème</sup> leçon</td>
<td>11:55</td>
<td>12:40</td>
</tr>
<tr>
<td>6<sup>ème</sup> leçon</td>
<td>12:45</td>
<td>13:30</td>
</tr>
<tr>
<td>7<sup>ème</sup> leçon</td>
<td>13:35</td>
<td>14:20</td>
</tr>
<tr>
<td>8<sup>ème</sup> leçon</td>
<td>14:25</td>
<td>15:10</td>
</tr>
<tr>
<td>9<sup>ème</sup> leçon</td>
<td>15:15</td>
<td>16:00</td>
</tr>
<tr>
<td style="border-left: 0; border-right: 0; border-bottom: 0; font-size: 80% !important; line-height: 70% !important;"></td>
</tr>
</tbody>
</table>
<p>[/vc_column_text][/vc_column_inner][vc_column_inner width=&#8221;1/6&#8243;][/vc_column_inner][/vc_row_inner][/vc_tta_section][/vc_tta_accordion][/vc_column][/vc_row][vc_row][vc_column][vc_empty_space height=&#8221;20&#8243;][/vc_column][/vc_row]</p>
</div>
