{"id":5621,"date":"2019-12-11T11:28:29","date_gmt":"2019-12-11T10:28:29","guid":{"rendered":"http:\/\/www.euroschool.lu\/site\/?page_id=5621"},"modified":"2025-09-29T11:16:43","modified_gmt":"2025-09-29T09:16:43","slug":"secondaire-programmes-de-mobilite-des-eleves","status":"publish","type":"page","link":"https:\/\/www.euroschool.lu\/site\/fr\/secondaire-programmes-de-mobilite-des-eleves\/","title":{"rendered":"Secondaire : Programme de mobilit\u00e9"},"content":{"rendered":"<div class=\"wpb-content-wrapper\"><p>[vc_row full_width=&#8221;stretch_row_content_no_spaces&#8221; css=&#8221;.vc_custom_1611767278898{margin-bottom: 0px !important;}&#8221;][vc_column css=&#8221;.vc_custom_1589920029564{margin-bottom: 0px !important;}&#8221; offset=&#8221;vc_hidden-sm vc_hidden-xs&#8221;][vc_custom_heading text=&#8221;&#8221; font_container=&#8221;tag:h1|text_align:left&#8221; use_theme_fonts=&#8221;yes&#8221; el_class=&#8221;custom-header&#8221; css=&#8221;.vc_custom_1624282839851{background-image: url(http:\/\/www.euroschool.lu\/site\/wp-content\/uploads\/2021\/06\/secondary-mobility.jpg?id=11484) !important;background-position: center !important;background-repeat: no-repeat !important;background-size: cover !important;}&#8221;][\/vc_column][\/vc_row][vc_row full_width=&#8221;stretch_row_content_no_spaces&#8221; css=&#8221;.vc_custom_1611767283046{margin-bottom: 0px !important;}&#8221;][vc_column css=&#8221;.vc_custom_1589920591194{margin-bottom: 0px !important;}&#8221; offset=&#8221;vc_hidden-lg vc_hidden-md&#8221;][vc_custom_heading text=&#8221;&#8221; font_container=&#8221;tag:h1|text_align:left&#8221; use_theme_fonts=&#8221;yes&#8221; el_class=&#8221;custom-header-mob&#8221; css=&#8221;.vc_custom_1624282857834{background-image: url(http:\/\/www.euroschool.lu\/site\/wp-content\/uploads\/2021\/06\/secondary-mobility.jpg?id=11484) !important;background-position: center !important;background-repeat: no-repeat !important;background-size: cover !important;}&#8221;][\/vc_column][\/vc_row][vc_row el_class=&#8221;main-box&#8221;][vc_column width=&#8221;1\/5&#8243; offset=&#8221;vc_hidden-md vc_hidden-sm vc_hidden-xs&#8221; el_class=&#8221;sidebar-menu&#8221;][vc_widget_sidebar sidebar_id=&#8221;sidebar-sidebar-menu-sec-fr&#8221; el_class=&#8221;sidebar-menu-sec&#8221;][\/vc_column][vc_column width=&#8221;4\/5&#8243; el_class=&#8221;main-column&#8221;][vc_column_text el_class=&#8221;page-title&#8221;]<\/p>\n<h1>Secondaire : Programme de mobilit\u00e9<\/h1>\n<p>[\/vc_column_text][vc_row_inner][vc_column_inner width=&#8221;1\/2&#8243;][\/vc_column_inner][vc_column_inner width=&#8221;1\/2&#8243;][vc_btn title=&#8221;Mobility programme coordinator (zdravka.sofronieva@eursc.eu)&#8221; style=&#8221;classic&#8221; color=&#8221;sky&#8221; align=&#8221;right&#8221; i_type=&#8221;linecons&#8221; i_icon_linecons=&#8221;vc_li vc_li-mail&#8221; add_icon=&#8221;true&#8221; link=&#8221;url:mailto%3Azdravka.sofronieva%40eursc.eu|||&#8221;][vc_separator][\/vc_column_inner][\/vc_row_inner][vc_column_text]Le fait de visiter temporairement d&#8217;autres \u00e9coles dans un pays diff\u00e9rent donne aux \u00e9tudiants la possibilit\u00e9 de se d\u00e9velopper plus intens\u00e9ment \u00e0 de nombreux \u00e9gards, par exemple d&#8217;am\u00e9liorer leurs comp\u00e9tences linguistiques et de m\u00fbrir en faisant l&#8217;exp\u00e9rience d&#8217;un environnement \u00e9ducatif et culturel diff\u00e9rent.<\/p>\n<p>Les \u00e9coles europ\u00e9ennes offrent la possibilit\u00e9 d&#8217;accueillir d&#8217;autres \u00e9tudiants et d&#8217;aider leurs \u00e9tudiants \u00e0 visiter d&#8217;autres \u00e9coles. Ces deux types de programmes peuvent prendre la forme d&#8217;\u00e9changes r\u00e9els (visite et retour) ou de visites \u00e0 sens unique. Ils sont connus sous le nom de \u00ab programmes de mobilit\u00e9 des \u00e9tudiants \u00bb (student mobility programmes).<\/p>\n<p>Dans notre \u00e9cole, ces programmes donnent \u00e0 certains \u00e9l\u00e8ves actuellement en quatri\u00e8me ann\u00e9e la possibilit\u00e9 de passer tout le premier semestre de la cinqui\u00e8me ann\u00e9e dans une autre \u00e9cole europ\u00e9enne ou une \u00e9cole europ\u00e9enne accr\u00e9dit\u00e9e, et vice versa. Pour des raisons d&#8217;organisation, le nombre d&#8217;\u00e9tudiants pouvant \u00eatre admis \u00e0 ce programme est limit\u00e9 et toutes les demandes ne peuvent \u00eatre accept\u00e9es.<\/p>\n<p>Si vous souhaitez poser votre candidature, veuillez contacter la coordinatrice du programme de mobilit\u00e9, Mme Sofronieva (<a href=\"mailto:zdravka.sofronieva@eursc.eu\">zdravka.sofronieva@eursc.eu<\/a>). Veuillez ne pas remplir les formulaires ou annexes indiqu\u00e9s dans les lignes directrices ci-dessous, vous recevrez des instructions suppl\u00e9mentaires de la part de la coordinatrice.[\/vc_column_text][vc_column_text]<\/p>\n<h4><strong><i class=\"icon-info-circled\" style=\"color:rgb(255, 0, 0)\" aria-hidden=\"true\"><\/i> <span style=\"color: red;\">La demande doit \u00eatre faite le plus t\u00f4t possible et au plus tard le 11 janvier 2026.<\/span><\/strong><\/h4>\n<p>[\/vc_column_text][vc_column_text]Pour \u00eatre approuv\u00e9, un \u00e9change scolaire doit \u00eatre approuv\u00e9 par les directeurs des deux \u00e9coles concern\u00e9es. En particulier, dans notre \u00e9cole, nous demandons toujours l&#8217;approbation pr\u00e9alable du conseil de classe.<\/p>\n<p>.[\/vc_column_text][vc_tta_accordion active_section=&#8221;1&#8243; no_fill=&#8221;true&#8221; collapsible_all=&#8221;true&#8221;][vc_tta_section title=&#8221;Leitlinien \/ Guidelines \/ Lignes directrices (2016-01-D-49)&#8221; tab_id=&#8221;1566746226151-beac3355-d4254407-133c6519-3083&#8243;][vc_btn title=&#8221;(DE) Leitlinien zur Organisation der Mobilit\u00e4t der Sch\u00fcler von und zu den Europ\u00e4ischen Schulen&#8221; style=&#8221;classic&#8221; color=&#8221;sky&#8221; align=&#8221;left&#8221; i_icon_fontawesome=&#8221;fa fa-file-text-o&#8221; button_block=&#8221;true&#8221; add_icon=&#8221;true&#8221; css=&#8221;.vc_custom_1733483926614{margin-top: 0px !important;margin-right: 0px !important;margin-bottom: 5px !important;margin-left: 0px !important;padding-top: 0px !important;padding-right: 0px !important;padding-bottom: 0px !important;padding-left: 0px !important;}&#8221; link=&#8221;url:https%3A%2F%2Fwww.euroschool.lu%2Fsite%2Fwp-content%2Fuploads%2F2024%2F12%2F2024-11-D-22-de-1-Leitlinien-zur-Organisation-fur-die-Mobilitat-der-SchulerInnen.pdf||target:%20_blank|&#8221;][vc_btn title=&#8221;(EN) Guidelines on Organizing Students\u2019 Mobility from and to the European Schools&#8221; style=&#8221;classic&#8221; color=&#8221;sky&#8221; align=&#8221;left&#8221; i_icon_fontawesome=&#8221;fa fa-file-text-o&#8221; button_block=&#8221;true&#8221; add_icon=&#8221;true&#8221; css=&#8221;.vc_custom_1733483952430{margin-top: 0px !important;margin-right: 0px !important;margin-bottom: 5px !important;margin-left: 0px !important;padding-top: 0px !important;padding-right: 0px !important;padding-bottom: 0px !important;padding-left: 0px !important;}&#8221; link=&#8221;url:https%3A%2F%2Fwww.euroschool.lu%2Fsite%2Fwp-content%2Fuploads%2F2024%2F12%2F2024-11-D-22-en-1-Guidelines-on-Organizing-Pupils-Mobility.pdf||target:%20_blank|&#8221;][vc_btn title=&#8221;(FR) Lignes directrices pour l\u2019organisation de la mobilit\u00e9 des \u00e9l\u00e8ves en provenance et en direction des \u00c9coles europ\u00e9ennes&#8221; style=&#8221;classic&#8221; color=&#8221;sky&#8221; align=&#8221;left&#8221; i_icon_fontawesome=&#8221;fa fa-file-text-o&#8221; button_block=&#8221;true&#8221; add_icon=&#8221;true&#8221; css=&#8221;.vc_custom_1733483977279{margin-top: 0px !important;margin-right: 0px !important;margin-bottom: 5px !important;margin-left: 0px !important;padding-top: 0px !important;padding-right: 0px !important;padding-bottom: 0px !important;padding-left: 0px !important;}&#8221; link=&#8221;url:https%3A%2F%2Fwww.euroschool.lu%2Fsite%2Fwp-content%2Fuploads%2F2024%2F12%2F2024-11-D-22-fr-1-Lignes-directices-pour-lorganisation-de-la-mobilite-des-eleves.pdf||target:%20_blank|&#8221;][\/vc_tta_section][\/vc_tta_accordion][vc_separator style=&#8221;double&#8221; css=&#8221;.vc_custom_1625047949599{margin-top: 40px !important;border-top-width: 0px !important;padding-top: 0px !important;}&#8221;][\/vc_column][\/vc_row][vc_row][vc_column][vc_empty_space height=&#8221;20&#8243;][\/vc_column][\/vc_row]<\/p>\n<\/div>","protected":false},"excerpt":{"rendered":"<p>[vc_row full_width=&#8221;stretch_row_content_no_spaces&#8221; css=&#8221;.vc_custom_1611767278898{margin-bottom: 0px !important;}&#8221;][vc_column css=&#8221;.vc_custom_1589920029564{margin-bottom: 0px !important;}&#8221; offset=&#8221;vc_hidden-sm vc_hidden-xs&#8221;][vc_custom_heading text=&#8221;&#8221; font_container=&#8221;tag:h1|text_align:left&#8221; use_theme_fonts=&#8221;yes&#8221; el_class=&#8221;custom-header&#8221; css=&#8221;.vc_custom_1624282839851{background-image:<span class=\"excerpt-hellip\"> [\u2026]<\/span><\/p>\n","protected":false},"author":1,"featured_media":0,"parent":0,"menu_order":0,"comment_status":"closed","ping_status":"closed","template":"","meta":{"footnotes":""},"categories":[59],"class_list":["post-5621","page","type-page","status-publish","hentry","category-_page-sec-fr"],"_links":{"self":[{"href":"https:\/\/www.euroschool.lu\/site\/wp-json\/wp\/v2\/pages\/5621","targetHints":{"allow":["GET"]}}],"collection":[{"href":"https:\/\/www.euroschool.lu\/site\/wp-json\/wp\/v2\/pages"}],"about":[{"href":"https:\/\/www.euroschool.lu\/site\/wp-json\/wp\/v2\/types\/page"}],"author":[{"embeddable":true,"href":"https:\/\/www.euroschool.lu\/site\/wp-json\/wp\/v2\/users\/1"}],"replies":[{"embeddable":true,"href":"https:\/\/www.euroschool.lu\/site\/wp-json\/wp\/v2\/comments?post=5621"}],"version-history":[{"count":25,"href":"https:\/\/www.euroschool.lu\/site\/wp-json\/wp\/v2\/pages\/5621\/revisions"}],"predecessor-version":[{"id":19882,"href":"https:\/\/www.euroschool.lu\/site\/wp-json\/wp\/v2\/pages\/5621\/revisions\/19882"}],"wp:attachment":[{"href":"https:\/\/www.euroschool.lu\/site\/wp-json\/wp\/v2\/media?parent=5621"}],"wp:term":[{"taxonomy":"category","embeddable":true,"href":"https:\/\/www.euroschool.lu\/site\/wp-json\/wp\/v2\/categories?post=5621"}],"curies":[{"name":"wp","href":"https:\/\/api.w.org\/{rel}","templated":true}]}}