{"id":5006,"date":"2019-11-17T23:57:04","date_gmt":"2019-11-17T22:57:04","guid":{"rendered":"http:\/\/www.euroschool.lu\/site\/?page_id=5006"},"modified":"2025-09-28T18:57:40","modified_gmt":"2025-09-28T16:57:40","slug":"secondaire-soutien-educatif","status":"publish","type":"page","link":"https:\/\/www.euroschool.lu\/site\/fr\/secondaire-soutien-educatif\/","title":{"rendered":"Secondaire : Soutien \u00e9ducatif"},"content":{"rendered":"<div class=\"wpb-content-wrapper\"><p>[vc_row full_width=&#8221;stretch_row_content_no_spaces&#8221; css=&#8221;.vc_custom_1611767278898{margin-bottom: 0px !important;}&#8221;][vc_column css=&#8221;.vc_custom_1589920029564{margin-bottom: 0px !important;}&#8221; offset=&#8221;vc_hidden-sm vc_hidden-xs&#8221;][vc_custom_heading text=&#8221;&#8221; font_container=&#8221;tag:h1|text_align:left&#8221; use_theme_fonts=&#8221;yes&#8221; el_class=&#8221;custom-header&#8221; css=&#8221;.vc_custom_1624520083381{background-image: url(http:\/\/www.euroschool.lu\/site\/wp-content\/uploads\/2021\/06\/support.jpg?id=11589) !important;background-position: center !important;background-repeat: no-repeat !important;background-size: cover !important;}&#8221;][\/vc_column][\/vc_row][vc_row full_width=&#8221;stretch_row_content_no_spaces&#8221; css=&#8221;.vc_custom_1611767283046{margin-bottom: 0px !important;}&#8221;][vc_column css=&#8221;.vc_custom_1589920591194{margin-bottom: 0px !important;}&#8221; offset=&#8221;vc_hidden-lg vc_hidden-md&#8221;][vc_custom_heading text=&#8221;&#8221; font_container=&#8221;tag:h1|text_align:left&#8221; use_theme_fonts=&#8221;yes&#8221; el_class=&#8221;custom-header-mob&#8221; css=&#8221;.vc_custom_1624520094415{background-image: url(http:\/\/www.euroschool.lu\/site\/wp-content\/uploads\/2021\/06\/support.jpg?id=11589) !important;background-position: center !important;background-repeat: no-repeat !important;background-size: cover !important;}&#8221;][\/vc_column][\/vc_row][vc_row el_class=&#8221;main-box&#8221;][vc_column width=&#8221;1\/5&#8243; offset=&#8221;vc_hidden-md vc_hidden-sm vc_hidden-xs&#8221; el_class=&#8221;sidebar-menu&#8221;][vc_widget_sidebar sidebar_id=&#8221;sidebar-sidebar-menu-sec-fr&#8221; el_class=&#8221;sidebar-menu-sec&#8221;][\/vc_column][vc_column width=&#8221;4\/5&#8243; el_class=&#8221;main-column&#8221;][vc_column_text el_class=&#8221;page-title&#8221;]<\/p>\n<h1>Secondaire : Soutien \u00e9ducatif<\/h1>\n<p>[\/vc_column_text][vc_row_inner][vc_column_inner width=&#8221;1\/2&#8243;][\/vc_column_inner][vc_column_inner width=&#8221;1\/2&#8243;][vc_btn title=&#8221;Educational support coordinators&#8221; style=&#8221;classic&#8221; color=&#8221;sky&#8221; align=&#8221;right&#8221; i_type=&#8221;entypo&#8221; i_icon_entypo=&#8221;entypo-icon entypo-icon-link&#8221; add_icon=&#8221;true&#8221; link=&#8221;url:https%3A%2F%2Fwww.euroschool.lu%2Fsite%2Fcontact-us%2F%231689858937664-f24afe9c-e22f|||&#8221;][vc_separator][\/vc_column_inner][\/vc_row_inner][vc_column_text]Les paroles qui expriment l&#8217;essence m\u00eame de la mission des \u00c9coles europ\u00e9ennes ont \u00e9t\u00e9 imprim\u00e9es sur parchemin dans la premi\u00e8re pierre de chaque \u00c9cole :<\/p>\n<p><em><i class=\"icon-quote\" style=\"color:#dcdcdc\" aria-hidden=\"true\"><\/i>\u00c9lev\u00e9s au contact les uns des autres, lib\u00e9r\u00e9s d\u00e8s leur plus jeune \u00e2ge des pr\u00e9jug\u00e9s qui divisent, initi\u00e9s aux beaut\u00e9s et aux valeurs des diverses cultures, ils prendront conscience, en grandissant, de leur solidarit\u00e9. Tout en gardant l&#8217;amour et la fiert\u00e9 de leur patrie, ils deviendront, par l&#8217;esprit, des Europ\u00e9ens, bien pr\u00e9par\u00e9s \u00e0 achever et \u00e0 consolider l&#8217;\u0153uvre entreprise par leurs p\u00e8res pour l&#8217;av\u00e8nement d&#8217;une Europe unie et prosp\u00e8re.<\/em><\/p>\n<p>L\u2019\u00c9cole europ\u00e9enne est un cadre <strong>plurilingue et multiculturel<\/strong> o\u00f9 la primaut\u00e9 de la langue maternelle de l\u2019enfant est pr\u00e9serv\u00e9e dans toute la mesure du possible.<\/p>\n<p>Elle offre un seul type d\u2019<strong>enseignement g\u00e9n\u00e9ral, <\/strong>o\u00f9 les <strong>conditions d\u2019apprentissage deviennent de plus en plus exigeantes<\/strong>. Ce parcours acad\u00e9mique unique, <strong>aux apprentissages tr\u00e8s cognitifs et abstraits<\/strong>, aboutit \u00e0 la d\u00e9livrance du dipl\u00f4me du Baccalaur\u00e9at europ\u00e9en.<\/p>\n<p><strong>L\u2019\u00e9ducation inclusive<\/strong> est le principe directeur des \u00c9coles europ\u00e9ennes. Elle sert une population scolaire vari\u00e9e et mobile et offre des approches diverses et flexibles en mati\u00e8re d\u2019enseignement et d\u2019apprentissage, adapt\u00e9es \u00e0 des enfants aux profils d\u2019apprentissage diff\u00e9rents.<\/p>\n<p>Les \u00c9coles europ\u00e9ennes <strong>collaborent avec les familles<\/strong> d\u00e8s l\u2019admission des \u00e9l\u00e8ves afin de s\u2019assurer de la satisfaction des besoins individuels de chaque enfant n\u00e9cessitant des am\u00e9nagements raisonnables, un soutien ou un d\u00e9fi pour l\u2019aider \u00e0 r\u00e9aliser son plein potentiel.<\/p>\n<p><strong>La diff\u00e9renciation<\/strong> est la planification et l&#8217;ex\u00e9cution de l&#8217;enseignement et de l&#8217;apprentissage pour tous les enfants de toutes les classes qui tiennent compte des diff\u00e9rences individuelles de style d&#8217;apprentissage, d&#8217;int\u00e9r\u00eat, de motivation et d&#8217;aptitude, et refl\u00e8tent ces diff\u00e9rences dans la classe.<\/p>\n<p><strong>Diff\u00e9rents types et niveaux de soutien<\/strong> sont organis\u00e9s, destin\u00e9s \u00e0 assurer une aide appropri\u00e9e et l\u2019\u00e9galit\u00e9 des chances \u00e0 tous les \u00e9l\u00e8ves, y compris ceux qui pr\u00e9sentent des besoins \u00e9ducatifs sp\u00e9cifiques et qui \u00e9prouvent des difficult\u00e9s \u00e0 quelque moment de leur scolarit\u00e9 que ce soit et les \u00e9l\u00e8ves dou\u00e9s, afin de leur permettre de se d\u00e9velopper et de progresser en fonction de leur potentiel.<\/p>\n<p>Les types de <strong>soutien scolaire<\/strong> offerts sont :<\/p>\n<ul>\n<li>G\u00e9n\u00e9ral<\/li>\n<li>Mod\u00e9r\u00e9 ou<\/li>\n<li>Intensif<\/li>\n<\/ul>\n<p>Le soutien est flexible et varie au fur et \u00e0 mesure que l&#8217;\u00e9l\u00e8ve se d\u00e9veloppe et que ses besoins changent.<\/p>\n<p>Les Ecoles europ\u00e9ennes proposent \u00e9galement des <strong>am\u00e9nagements raisonnables en classe ou\/et des dispositions particuli\u00e8res pour les examens<\/strong>. Ces dispositifs sont r\u00e9pertori\u00e9s et mis \u00e0 la disposition des \u00e9l\u00e8ves lors des examens, tests et autres formes d&#8217;\u00e9valuation pour permettre \u00e0 l&#8217;\u00e9l\u00e8ve de r\u00e9aliser son potentiel de la mani\u00e8re la plus juste possible.<\/p>\n<p>Nous attirons votre attention sur deux points importants li\u00e9s \u00e0 l&#8217;organisation des cours de soutien :<\/p>\n<ul>\n<li>Au secondaire, les cours de soutien sont des cours suppl\u00e9mentaires et ils sont organis\u00e9s pendant les p\u00e9riodes libres de l&#8217;\u00e9l\u00e8ve et de son professeur de soutien. De ce fait, leur nombre est limit\u00e9 pour ne pas surcharger l&#8217;\u00e9l\u00e8ve et \u00eatre alors contre-productif.<\/li>\n<li>la programmation des cours de soutien est li\u00e9e aux contraintes normales de pr\u00e9paration de l&#8217;emploi du temps scolaire. Au d\u00e9but de l&#8217;ann\u00e9e scolaire, l&#8217;horaire est provisoire et des changements peuvent intervenir au cours des premi\u00e8res semaines, la plupart durant les trois premi\u00e8res semaines, mais certains peuvent \u00e9galement intervenir plus tard. Pour cette raison, bien que nous fassions de notre mieux pour boucler l&#8217;emploi du temps et ainsi organiser les cours de soutien le plus rapidement possible, il est malheureusement possible que certains cours de soutien mettent quelques semaines \u00e0 \u00eatre programm\u00e9s.<\/li>\n<\/ul>\n<p>Pour plus de d\u00e9tails, veuillez lire les documents suivants :[\/vc_column_text][vc_tta_accordion gap=&#8221;2&#8243; active_section=&#8221;0&#8243; collapsible_all=&#8221;true&#8221;][vc_tta_section title=&#8221;Educational Support in Secondary School&#8221; tab_id=&#8221;1569146856879-dbbcca52-af61dca5-c9d0&#8243;][vc_row_inner css=&#8221;.vc_custom_1618213822610{margin: 0px !important;padding: 0px !important;}&#8221;][vc_column_inner css=&#8221;.vc_custom_1618213852545{margin: 0px !important;padding: 0px !important;}&#8221;][vc_btn title=&#8221;EN &#8211; Secondary school support organisation chart&#8221; style=&#8221;classic&#8221; color=&#8221;sky&#8221; align=&#8221;left&#8221; i_icon_fontawesome=&#8221;fa fa-sitemap&#8221; button_block=&#8221;true&#8221; add_icon=&#8221;true&#8221; link=&#8221;url:http%3A%2F%2Fwww.euroschool.lu%2Fsite%2Fwp-content%2Fuploads%2F2023%2F02%2FSupport-secondary.pdf||target:%20_blank|&#8221; css=&#8221;.vc_custom_1676552751393{margin-top: 0px !important;margin-right: 0px !important;margin-bottom: 2px !important;margin-left: 0px !important;padding-top: 0px !important;padding-right: 0px !important;padding-bottom: 0px !important;padding-left: 0px !important;}&#8221;][vc_btn title=&#8221;FR &#8211; Organigramme soutien au secondaire&#8221; style=&#8221;classic&#8221; color=&#8221;sky&#8221; align=&#8221;left&#8221; i_icon_fontawesome=&#8221;fa fa-sitemap&#8221; button_block=&#8221;true&#8221; add_icon=&#8221;true&#8221; link=&#8221;url:http%3A%2F%2Fwww.euroschool.lu%2Fsite%2Fwp-content%2Fuploads%2F2023%2F02%2FSoutien-au-secondaire.pdf||target:%20_blank|&#8221; css=&#8221;.vc_custom_1676552807856{margin-top: 0px !important;margin-right: 0px !important;margin-bottom: 2px !important;margin-left: 0px !important;padding-top: 0px !important;padding-right: 0px !important;padding-bottom: 0px !important;padding-left: 0px !important;}&#8221;][vc_btn title=&#8221;FR &#8211; Que faire si mon enfant \u00e0 des difficult\u00e9s dans une mati\u00e8re ?&#8221; style=&#8221;classic&#8221; color=&#8221;sky&#8221; align=&#8221;left&#8221; i_icon_fontawesome=&#8221;fa fa-sitemap&#8221; button_block=&#8221;true&#8221; add_icon=&#8221;true&#8221; link=&#8221;url:http%3A%2F%2Fwww.euroschool.lu%2Fsite%2Fwp-content%2Fuploads%2F2021%2F04%2FQue-faire-si-mon-enfant-%C3%A0-des-difficult%C3%A9s-dans-une-mati%C3%A8re-v1.pdf||target:%20_blank|&#8221; css=&#8221;.vc_custom_1624263024110{margin-top: 0px !important;margin-right: 0px !important;margin-bottom: 2px !important;margin-left: 0px !important;padding-top: 0px !important;padding-right: 0px !important;padding-bottom: 0px !important;padding-left: 0px !important;}&#8221;][vc_btn title=&#8221;FR &#8211; Que faire si un trouble d\u2019apprentissage a \u00e9t\u00e9 d\u00e9tect\u00e9 ?&#8221; style=&#8221;classic&#8221; color=&#8221;sky&#8221; align=&#8221;left&#8221; i_icon_fontawesome=&#8221;fa fa-sitemap&#8221; button_block=&#8221;true&#8221; add_icon=&#8221;true&#8221; link=&#8221;url:http%3A%2F%2Fwww.euroschool.lu%2Fsite%2Fwp-content%2Fuploads%2F2021%2F04%2FQue-faire-si-un-trouble-d%E2%80%99apprentissage-a-%C3%A9t%C3%A9-d%C3%A9tect%C3%A9-v1.pdf||target:%20_blank|&#8221; css=&#8221;.vc_custom_1624263031151{margin-top: 0px !important;margin-right: 0px !important;margin-bottom: 2px !important;margin-left: 0px !important;padding-top: 0px !important;padding-right: 0px !important;padding-bottom: 0px !important;padding-left: 0px !important;}&#8221;][\/vc_column_inner][\/vc_row_inner][\/vc_tta_section][vc_tta_section title=&#8221;Criteria for the mutlidisciplinary report&#8221; tab_id=&#8221;1670604639090-6f19ea4f-c466dca5-c9d0&#8243;][vc_row_inner][vc_column_inner width=&#8221;1\/3&#8243;][vc_btn title=&#8221;DE &#8211; Kriterien f\u00fcr den Medizinischen Bericht 2012-05-D-15-de-13&#8243; style=&#8221;classic&#8221; color=&#8221;sky&#8221; align=&#8221;left&#8221; i_icon_fontawesome=&#8221;fa fa-file-text-o&#8221; button_block=&#8221;true&#8221; add_icon=&#8221;true&#8221; css=&#8221;.vc_custom_1670605178872{margin-top: 0px !important;margin-right: 0px !important;margin-bottom: 0px !important;margin-left: 0px !important;padding-top: 0px !important;padding-right: 0px !important;padding-bottom: 0px !important;padding-left: 0px !important;}&#8221; link=&#8221;url:http%3A%2F%2Fwww.euroschool.lu%2Fsite%2Fwp-content%2Fuploads%2F2022%2F12%2FKriterien-fur-den-Medizinischen-Bericht-2012-05-D-15-de-13.pdf||target:%20_blank|&#8221;][\/vc_column_inner][vc_column_inner width=&#8221;1\/3&#8243;][vc_btn title=&#8221;EN &#8211; Criteria for the multidisciplinary report 2012-05-D-15-en-13.&#8221; style=&#8221;classic&#8221; color=&#8221;sky&#8221; align=&#8221;left&#8221; i_icon_fontawesome=&#8221;fa fa-file-text-o&#8221; button_block=&#8221;true&#8221; add_icon=&#8221;true&#8221; css=&#8221;.vc_custom_1670605191527{margin-top: 0px !important;margin-right: 0px !important;margin-bottom: 0px !important;margin-left: 0px !important;padding-top: 0px !important;padding-right: 0px !important;padding-bottom: 0px !important;padding-left: 0px !important;}&#8221; link=&#8221;url:http%3A%2F%2Fwww.euroschool.lu%2Fsite%2Fwp-content%2Fuploads%2F2022%2F12%2FCriteria-for-the-multidisciplinary-report-2012-05-D-15-en-13..pdf||target:%20_blank|&#8221;][\/vc_column_inner][vc_column_inner width=&#8221;1\/3&#8243;][vc_btn title=&#8221;FR &#8211; Crit\u00e8res pour le rapport m\u00e9dical 2012-05-D-15-fr-13&#8243; style=&#8221;classic&#8221; color=&#8221;sky&#8221; align=&#8221;left&#8221; i_icon_fontawesome=&#8221;fa fa-file-text-o&#8221; button_block=&#8221;true&#8221; add_icon=&#8221;true&#8221; css=&#8221;.vc_custom_1670605205208{margin-top: 0px !important;margin-right: 0px !important;margin-bottom: 0px !important;margin-left: 0px !important;padding-top: 0px !important;padding-right: 0px !important;padding-bottom: 0px !important;padding-left: 0px !important;}&#8221; link=&#8221;url:%20http%3A%2F%2Fwww.euroschool.lu%2Fsite%2Fwp-content%2Fuploads%2F2022%2F12%2FCriteres-pour-le-rapport-medical-2012-05-D-15-fr-13.pdf||target:%20_blank|&#8221;][\/vc_column_inner][\/vc_row_inner][\/vc_tta_section][vc_tta_section title=&#8221;Request for special arrangements for BAC years \u2013 to be introduced in start of S5&#8243; tab_id=&#8221;1689856917893-f7fd71c4-cb80dca5-c9d0&#8243;][vc_row_inner css=&#8221;.vc_custom_1618213822610{margin: 0px !important;padding: 0px !important;}&#8221;][vc_column_inner css=&#8221;.vc_custom_1618213852545{margin: 0px !important;padding: 0px !important;}&#8221;][vc_btn title=&#8221;EN &#8211; Instructions for the request of Special Arrangements for the European BAC cycle&#8221; style=&#8221;classic&#8221; color=&#8221;sky&#8221; align=&#8221;left&#8221; button_block=&#8221;true&#8221; link=&#8221;url:https%3A%2F%2Fwww.euroschool.lu%2Fsite%2Fwp-content%2Fuploads%2F2025%2F09%2FInstructions-for-the-request-of-Special-Arrangements-in-the-European-BAC-cycle_EN-.pdf||target:%20_blank|&#8221; css=&#8221;.vc_custom_1759078172031{margin-top: 0px !important;margin-right: 0px !important;margin-bottom: 2px !important;margin-left: 0px !important;padding-top: 0px !important;padding-right: 0px !important;padding-bottom: 0px !important;padding-left: 0px !important;}&#8221;][vc_btn title=&#8221;FR &#8211; Instructions pour la demande d&#8217;arrangements sp\u00e9ciaux pour le cycle du BAC europ\u00e9en&#8221; style=&#8221;classic&#8221; color=&#8221;sky&#8221; align=&#8221;left&#8221; button_block=&#8221;true&#8221; link=&#8221;url:https%3A%2F%2Fwww.euroschool.lu%2Fsite%2Fwp-content%2Fuploads%2F2025%2F09%2FInstructions-for-the-request-of-Special-Arrangements-in-the-European-Bac-cycle_FR.pdf||target:%20_blank|&#8221; css=&#8221;.vc_custom_1759078186216{margin-top: 0px !important;margin-right: 0px !important;margin-bottom: 2px !important;margin-left: 0px !important;padding-top: 0px !important;padding-right: 0px !important;padding-bottom: 0px !important;padding-left: 0px !important;}&#8221;][vc_separator color=&#8221;sky&#8221; css=&#8221;.vc_custom_1689857226856{margin-top: 10px !important;margin-bottom: 10px !important;}&#8221;][vc_btn title=&#8221;EN &#8211; Limited authorisation to release confidential information&#8221; style=&#8221;classic&#8221; color=&#8221;sky&#8221; align=&#8221;left&#8221; button_block=&#8221;true&#8221; link=&#8221;url:https%3A%2F%2Fwww.euroschool.lu%2Fsite%2Fwp-content%2Fuploads%2F2025%2F09%2FLimited-authorisation-to-release-confidential-information.pdf||target:%20_blank|&#8221; css=&#8221;.vc_custom_1759078203028{margin-top: 0px !important;margin-right: 0px !important;margin-bottom: 2px !important;margin-left: 0px !important;padding-top: 0px !important;padding-right: 0px !important;padding-bottom: 0px !important;padding-left: 0px !important;}&#8221;][vc_btn title=&#8221;FR &#8211; Autorisation limit\u00e9e de divulgation d\u2019informations confidentielles&#8221; style=&#8221;classic&#8221; color=&#8221;sky&#8221; align=&#8221;left&#8221; button_block=&#8221;true&#8221; link=&#8221;url:https%3A%2F%2Fwww.euroschool.lu%2Fsite%2Fwp-content%2Fuploads%2F2025%2F09%2FAutorisation-limitee-de-divulgation-dinformations.pdf||target:%20_blank|&#8221; css=&#8221;.vc_custom_1759078216046{margin-top: 0px !important;margin-right: 0px !important;margin-bottom: 2px !important;margin-left: 0px !important;padding-top: 0px !important;padding-right: 0px !important;padding-bottom: 0px !important;padding-left: 0px !important;}&#8221;][vc_separator color=&#8221;sky&#8221; css=&#8221;.vc_custom_1689857226856{margin-top: 10px !important;margin-bottom: 10px !important;}&#8221;][vc_btn title=&#8221;EN &#8211; Template for the requesting of special arrangements for the European Baccalaureate cycle (S6-S7)&#8221; style=&#8221;classic&#8221; color=&#8221;sky&#8221; align=&#8221;left&#8221; button_block=&#8221;true&#8221; link=&#8221;url:https%3A%2F%2Fwww.euroschool.lu%2Fsite%2Fwp-content%2Fuploads%2F2025%2F09%2FRequest-for-special-arrangements_BAC_cycle_EN.pdf||target:%20_blank|&#8221; css=&#8221;.vc_custom_1759078233601{margin-top: 0px !important;margin-right: 0px !important;margin-bottom: 2px !important;margin-left: 0px !important;padding-top: 0px !important;padding-right: 0px !important;padding-bottom: 0px !important;padding-left: 0px !important;}&#8221;][vc_btn title=&#8221;FR &#8211; Mod\u00e8le de demande de dispositions particuli\u00e8res pour le cycle du Baccalaur\u00e9at europ\u00e9en (S6-S7)&#8221; style=&#8221;classic&#8221; color=&#8221;sky&#8221; align=&#8221;left&#8221; button_block=&#8221;true&#8221; link=&#8221;url:%20https%3A%2F%2Fwww.euroschool.lu%2Fsite%2Fwp-content%2Fuploads%2F2025%2F09%2FDemande-darrangements-speciaux_Cycle_BAC_FR.pdf||target:%20_blank|&#8221; css=&#8221;.vc_custom_1759078253399{margin-top: 0px !important;margin-right: 0px !important;margin-bottom: 2px !important;margin-left: 0px !important;padding-top: 0px !important;padding-right: 0px !important;padding-bottom: 0px !important;padding-left: 0px !important;}&#8221;][vc_separator color=&#8221;sky&#8221; css=&#8221;.vc_custom_1689857226856{margin-top: 10px !important;margin-bottom: 10px !important;}&#8221;][vc_btn title=&#8221;BAC special arrangements 2025&#8243; style=&#8221;classic&#8221; color=&#8221;sky&#8221; align=&#8221;left&#8221; button_block=&#8221;true&#8221; link=&#8221;url:https%3A%2F%2Fwww.euroschool.lu%2Fsite%2Fwp-content%2Fuploads%2F2025%2F09%2FBAC-special-arrangements-2025.pdf||target:%20_blank|&#8221; css=&#8221;.vc_custom_1759078431043{margin-top: 0px !important;margin-right: 0px !important;margin-bottom: 2px !important;margin-left: 0px !important;padding-top: 0px !important;padding-right: 0px !important;padding-bottom: 0px !important;padding-left: 0px !important;}&#8221;][\/vc_column_inner][\/vc_row_inner][\/vc_tta_section][\/vc_tta_accordion][vc_tta_accordion gap=&#8221;2&#8243; active_section=&#8221;0&#8243; no_fill=&#8221;true&#8221; collapsible_all=&#8221;true&#8221;][vc_tta_section title=&#8221;Policy on the Provision of Educational Support in the European Schools&#8221; tab_id=&#8221;1618213384720-e406d340-2b2bdca5-c9d0&#8243;][vc_row_inner][vc_column_inner width=&#8221;1\/3&#8243;][vc_btn title=&#8221;DE&#8221; style=&#8221;classic&#8221; color=&#8221;sky&#8221; align=&#8221;left&#8221; i_icon_fontawesome=&#8221;fa fa-file-text-o&#8221; button_block=&#8221;true&#8221; add_icon=&#8221;true&#8221; css=&#8221;.vc_custom_1668160646818{margin-top: 0px !important;margin-right: 0px !important;margin-bottom: 0px !important;margin-left: 0px !important;padding-top: 0px !important;padding-right: 0px !important;padding-bottom: 0px !important;padding-left: 0px !important;}&#8221; link=&#8221;url:http%3A%2F%2Fwww.euroschool.lu%2Fsite%2Fwp-content%2Fuploads%2F2022%2F11%2F2012-05-D-14-de-10.pdf||target:%20_blank|&#8221;][\/vc_column_inner][vc_column_inner width=&#8221;1\/3&#8243;][vc_btn title=&#8221;EN&#8221; style=&#8221;classic&#8221; color=&#8221;sky&#8221; align=&#8221;left&#8221; i_icon_fontawesome=&#8221;fa fa-file-text-o&#8221; button_block=&#8221;true&#8221; add_icon=&#8221;true&#8221; css=&#8221;.vc_custom_1668160664996{margin-top: 0px !important;margin-right: 0px !important;margin-bottom: 0px !important;margin-left: 0px !important;padding-top: 0px !important;padding-right: 0px !important;padding-bottom: 0px !important;padding-left: 0px !important;}&#8221; link=&#8221;url:http%3A%2F%2Fwww.euroschool.lu%2Fsite%2Fwp-content%2Fuploads%2F2022%2F11%2F2012-05-D-14-en-10.pdf||target:%20_blank|&#8221;][\/vc_column_inner][vc_column_inner width=&#8221;1\/3&#8243;][vc_btn title=&#8221;FR&#8221; style=&#8221;classic&#8221; color=&#8221;sky&#8221; align=&#8221;left&#8221; i_icon_fontawesome=&#8221;fa fa-file-text-o&#8221; button_block=&#8221;true&#8221; add_icon=&#8221;true&#8221; css=&#8221;.vc_custom_1668160684766{margin-top: 0px !important;margin-right: 0px !important;margin-bottom: 0px !important;margin-left: 0px !important;padding-top: 0px !important;padding-right: 0px !important;padding-bottom: 0px !important;padding-left: 0px !important;}&#8221; link=&#8221;url:http%3A%2F%2Fwww.euroschool.lu%2Fsite%2Fwp-content%2Fuploads%2F2022%2F11%2F2012-05-D-14-fr-10.pdf||target:%20_blank|&#8221;][\/vc_column_inner][\/vc_row_inner][\/vc_tta_section][vc_tta_section title=&#8221;Provision of Educational Support in the European Schools &#8211; Procedural document&#8221; tab_id=&#8221;1618213385089-a370dd00-aa85dca5-c9d0&#8243;][vc_row_inner][vc_column_inner el_class=&#8221;hide&#8221; width=&#8221;1\/3&#8243;][vc_btn title=&#8221;DE&#8221; style=&#8221;classic&#8221; color=&#8221;sky&#8221; align=&#8221;left&#8221; i_icon_fontawesome=&#8221;fa fa-file-text-o&#8221; button_block=&#8221;true&#8221; add_icon=&#8221;true&#8221; css=&#8221;.vc_custom_1668160702154{margin-top: 0px !important;margin-right: 0px !important;margin-bottom: 0px !important;margin-left: 0px !important;padding-top: 0px !important;padding-right: 0px !important;padding-bottom: 0px !important;padding-left: 0px !important;}&#8221; link=&#8221;url:http%3A%2F%2Fwww.euroschool.lu%2Fsite%2Fwp-content%2Fuploads%2F2022%2F11%2F2012-05-D-15-de-13.pdf||target:%20_blank|&#8221;][\/vc_column_inner][vc_column_inner width=&#8221;1\/3&#8243;][vc_btn title=&#8221;EN&#8221; style=&#8221;classic&#8221; color=&#8221;sky&#8221; align=&#8221;left&#8221; i_icon_fontawesome=&#8221;fa fa-file-text-o&#8221; button_block=&#8221;true&#8221; add_icon=&#8221;true&#8221; css=&#8221;.vc_custom_1715189724998{margin-top: 0px !important;margin-right: 0px !important;margin-bottom: 0px !important;margin-left: 0px !important;padding-top: 0px !important;padding-right: 0px !important;padding-bottom: 0px !important;padding-left: 0px !important;}&#8221; link=&#8221;url:https%3A%2F%2Fwww.euroschool.lu%2Fsite%2Fwp-content%2Fuploads%2F2024%2F05%2F2012-05-D-15-en-14.pdf||target:%20_blank|&#8221;][\/vc_column_inner][vc_column_inner el_class=&#8221;hide&#8221; width=&#8221;1\/3&#8243;][vc_btn title=&#8221;FR&#8221; style=&#8221;classic&#8221; color=&#8221;sky&#8221; align=&#8221;left&#8221; i_icon_fontawesome=&#8221;fa fa-file-text-o&#8221; button_block=&#8221;true&#8221; add_icon=&#8221;true&#8221; css=&#8221;.vc_custom_1668160725539{margin-top: 0px !important;margin-right: 0px !important;margin-bottom: 0px !important;margin-left: 0px !important;padding-top: 0px !important;padding-right: 0px !important;padding-bottom: 0px !important;padding-left: 0px !important;}&#8221; link=&#8221;url:http%3A%2F%2Fwww.euroschool.lu%2Fsite%2Fwp-content%2Fuploads%2F2022%2F11%2F2012-05-D-15-fr-13.pdf||target:%20_blank|&#8221;][\/vc_column_inner][\/vc_row_inner][\/vc_tta_section][\/vc_tta_accordion][vc_separator][vc_btn title=&#8221;Further information on the types of learning support measures can be consulted in the Memorandum for parents.&#8221; style=&#8221;classic&#8221; color=&#8221;sky&#8221; align=&#8221;left&#8221; i_type=&#8221;entypo&#8221; i_icon_entypo=&#8221;entypo-icon entypo-icon-link&#8221; button_block=&#8221;true&#8221; add_icon=&#8221;true&#8221; css=&#8221;.vc_custom_1624958039669{margin-top: 0px !important;margin-right: 0px !important;margin-bottom: 40px !important;margin-left: 0px !important;padding-top: 0px !important;padding-right: 0px !important;padding-bottom: 0px !important;padding-left: 0px !important;}&#8221; link=&#8221;url:http%3A%2F%2Fwww.euroschool.lu%2Fsite%2Fofficial-texts-rules-memoranda%2F|||&#8221;][vc_separator style=&#8221;double&#8221;][\/vc_column][\/vc_row][vc_row][vc_column][vc_empty_space height=&#8221;20&#8243;][\/vc_column][\/vc_row]<\/p>\n<\/div>","protected":false},"excerpt":{"rendered":"<p>[vc_row full_width=&#8221;stretch_row_content_no_spaces&#8221; css=&#8221;.vc_custom_1611767278898{margin-bottom: 0px !important;}&#8221;][vc_column css=&#8221;.vc_custom_1589920029564{margin-bottom: 0px !important;}&#8221; offset=&#8221;vc_hidden-sm vc_hidden-xs&#8221;][vc_custom_heading text=&#8221;&#8221; font_container=&#8221;tag:h1|text_align:left&#8221; use_theme_fonts=&#8221;yes&#8221; el_class=&#8221;custom-header&#8221; css=&#8221;.vc_custom_1624520083381{background-image:<span class=\"excerpt-hellip\"> [\u2026]<\/span><\/p>\n","protected":false},"author":1,"featured_media":0,"parent":0,"menu_order":0,"comment_status":"closed","ping_status":"closed","template":"","meta":{"footnotes":""},"categories":[59],"class_list":["post-5006","page","type-page","status-publish","hentry","category-_page-sec-fr"],"_links":{"self":[{"href":"https:\/\/www.euroschool.lu\/site\/wp-json\/wp\/v2\/pages\/5006","targetHints":{"allow":["GET"]}}],"collection":[{"href":"https:\/\/www.euroschool.lu\/site\/wp-json\/wp\/v2\/pages"}],"about":[{"href":"https:\/\/www.euroschool.lu\/site\/wp-json\/wp\/v2\/types\/page"}],"author":[{"embeddable":true,"href":"https:\/\/www.euroschool.lu\/site\/wp-json\/wp\/v2\/users\/1"}],"replies":[{"embeddable":true,"href":"https:\/\/www.euroschool.lu\/site\/wp-json\/wp\/v2\/comments?post=5006"}],"version-history":[{"count":37,"href":"https:\/\/www.euroschool.lu\/site\/wp-json\/wp\/v2\/pages\/5006\/revisions"}],"predecessor-version":[{"id":19868,"href":"https:\/\/www.euroschool.lu\/site\/wp-json\/wp\/v2\/pages\/5006\/revisions\/19868"}],"wp:attachment":[{"href":"https:\/\/www.euroschool.lu\/site\/wp-json\/wp\/v2\/media?parent=5006"}],"wp:term":[{"taxonomy":"category","embeddable":true,"href":"https:\/\/www.euroschool.lu\/site\/wp-json\/wp\/v2\/categories?post=5006"}],"curies":[{"name":"wp","href":"https:\/\/api.w.org\/{rel}","templated":true}]}}