{"id":4955,"date":"2019-11-17T23:01:23","date_gmt":"2019-11-17T22:01:23","guid":{"rendered":"http:\/\/www.euroschool.lu\/site\/?page_id=4955"},"modified":"2025-12-14T14:19:00","modified_gmt":"2025-12-14T13:19:00","slug":"finden-sie-uns","status":"publish","type":"page","link":"https:\/\/www.euroschool.lu\/site\/de\/finden-sie-uns\/","title":{"rendered":"Finden Sie uns"},"content":{"rendered":"<div class=\"wpb-content-wrapper\"><p>[vc_row full_width=&#8221;stretch_row_content_no_spaces&#8221; css=&#8221;.vc_custom_1589920007717{margin-bottom: 0px !important;}&#8221;][vc_column css=&#8221;.vc_custom_1589920029564{margin-bottom: 0px !important;}&#8221; offset=&#8221;vc_hidden-sm vc_hidden-xs&#8221;][vc_custom_heading text=&#8221;&#8221; font_container=&#8221;tag:h1|text_align:left&#8221; use_theme_fonts=&#8221;yes&#8221; el_class=&#8221;custom-header&#8221; css=&#8221;.vc_custom_1656330678455{background-image: url(http:\/\/www.euroschool.lu\/site\/wp-content\/uploads\/2022\/06\/Slider_Find_Us3.jpg?id=14706) !important;background-position: center !important;background-repeat: no-repeat !important;background-size: cover !important;}&#8221;][\/vc_column][\/vc_row][vc_row full_width=&#8221;stretch_row_content_no_spaces&#8221; css=&#8221;.vc_custom_1589920007717{margin-bottom: 0px !important;}&#8221;][vc_column css=&#8221;.vc_custom_1589920591194{margin-bottom: 0px !important;}&#8221; offset=&#8221;vc_hidden-lg vc_hidden-md&#8221;][vc_custom_heading text=&#8221;&#8221; font_container=&#8221;tag:h1|text_align:left&#8221; use_theme_fonts=&#8221;yes&#8221; el_class=&#8221;custom-header-mob&#8221; css=&#8221;.vc_custom_1656330698870{background-image: url(http:\/\/www.euroschool.lu\/site\/wp-content\/uploads\/2022\/06\/Slider_Find_Us3.jpg?id=14706) !important;background-position: center !important;background-repeat: no-repeat !important;background-size: cover !important;}&#8221;][\/vc_column][\/vc_row][vc_row el_class=&#8221;main-box&#8221;][vc_column width=&#8221;1\/5&#8243; offset=&#8221;vc_hidden-md vc_hidden-sm vc_hidden-xs&#8221; el_class=&#8221;sidebar-menu&#8221;][vc_widget_sidebar sidebar_id=&#8221;sidebar-sidebar-menu-about-de&#8221; el_class=&#8221;sidebar-menu-about&#8221;][\/vc_column][vc_column width=&#8221;4\/5&#8243; el_class=&#8221;main-column&#8221;][vc_column_text el_class=&#8221;page-title&#8221;]<\/p>\n<h1>Finden Sie uns<\/h1>\n<p>[\/vc_column_text][vc_row_inner][vc_column_inner width=&#8221;1\/2&#8243;][vc_column_text css=&#8221;.vc_custom_1606968386593{margin-right: 20px !important;margin-bottom: 10px !important;margin-left: 20px !important;padding-top: 20px !important;padding-right: 20px !important;padding-bottom: 20px !important;padding-left: 20px !important;border-radius: 25px !important;}&#8221;]<\/p>\n<h5>Ecole Europ\u00e9enne Luxembourg I<br \/>\n23 Boulevard Konrad Adenauer<br \/>\nL-1115 Luxembourg<\/h5>\n<p>[\/vc_column_text][vc_btn title=&#8221;Kontakt&#8221; style=&#8221;classic&#8221; color=&#8221;sky&#8221; align=&#8221;left&#8221; i_type=&#8221;entypo&#8221; i_icon_entypo=&#8221;entypo-icon entypo-icon-info&#8221; button_block=&#8221;true&#8221; add_icon=&#8221;true&#8221; link=&#8221;url:https%3A%2F%2Fwww.euroschool.lu%2Fsite%2Fde%2Fkontakt%2F|||&#8221; css=&#8221;.vc_custom_1702375573980{margin-bottom: 5px !important;}&#8221;][vc_btn title=&#8221;Wegbeschreibung erhalten <small><em>(link zur Google maps https:\/\/goo.gl\/maps)<\/em><\/small>&#8221; style=&#8221;classic&#8221; color=&#8221;sky&#8221; align=&#8221;left&#8221; i_icon_fontawesome=&#8221;fa fa-map-signs&#8221; button_block=&#8221;true&#8221; add_icon=&#8221;true&#8221; link=&#8221;url:https%3A%2F%2Fgoo.gl%2Fmaps%2FLas953LDoTENgzUc9|title:Find%20us|target:%20_blank|&#8221; css=&#8221;.vc_custom_1702375667470{margin-bottom: 5px !important;}&#8221;][vc_btn title=&#8221;Parkbereiche&#8221; style=&#8221;classic&#8221; color=&#8221;sky&#8221; align=&#8221;left&#8221; i_type=&#8221;material&#8221; i_icon_material=&#8221;vc-material vc-material-directions_car&#8221; button_block=&#8221;true&#8221; add_icon=&#8221;true&#8221; link=&#8221;url:%23parking|title:Find%20us||&#8221; css=&#8221;.vc_custom_1765718314573{margin-bottom: 5px !important;}&#8221; el_class=&#8221;hide&#8221;][vc_btn title=&#8221;Schultransport f\u00fcr die Europaschule Luxemburg I <small><em>(link zur City of Luxembourg www.vdl.lu)<\/em><\/small>&#8221; style=&#8221;classic&#8221; color=&#8221;sky&#8221; align=&#8221;left&#8221; i_icon_fontawesome=&#8221;fa fa-bus&#8221; button_block=&#8221;true&#8221; add_icon=&#8221;true&#8221; link=&#8221;url:https%3A%2F%2Fwww.vdl.lu%2Fde%2Funterwegs%2Fmit-dem-bus%2Fschultransport%2Fschulbuslinien-fuer-sekundarschulen%2Fschultransport-europaeische-schule-i-kirchberg||target:%20_blank|&#8221; css=&#8221;.vc_custom_1734598850104{margin-bottom: 5px !important;}&#8221;][\/vc_column_inner][vc_column_inner width=&#8221;1\/2&#8243; css=&#8221;.vc_custom_1606968402691{border-top-width: 2px !important;border-right-width: 2px !important;border-bottom-width: 2px !important;border-left-width: 2px !important;padding-top: 20px !important;padding-right: 20px !important;padding-bottom: 20px !important;padding-left: 20px !important;border-left-color: #36454f !important;border-left-style: none !important;border-right-color: #36454f !important;border-right-style: none !important;border-top-color: #36454f !important;border-top-style: none !important;border-bottom-color: #36454f !important;border-bottom-style: none !important;border-radius: 25px !important;}&#8221;][vc_column_text css=&#8221;.vc_custom_1702375382166{margin-bottom: 0px !important;border-bottom-width: 0px !important;padding-bottom: 0px !important;}&#8221;]<\/p>\n<h3>\u00d6ffnungszeiten &#8211; Verwaltung<\/h3>\n<div class=\"opening_hours_wrapper\">\n<h5 style=\"text-align: left;\"><strong><label>\u00a0 \u00a0 \u00a0Montag \u2013 Freitag<br \/>\n<\/label><\/strong><strong><span class=\"h\">\u00a0 \u00a0 \u00a08:00 \u2013 16:00<\/span><\/strong><\/h5>\n<\/div>\n<p>[\/vc_column_text][vc_btn title=&#8221;Schulferien &amp; Kalender&#8221; style=&#8221;classic&#8221; color=&#8221;sky&#8221; align=&#8221;center&#8221; i_icon_fontawesome=&#8221;fa fa-calendar&#8221; button_block=&#8221;true&#8221; add_icon=&#8221;true&#8221; link=&#8221;url:https%3A%2F%2Fwww.euroschool.lu%2Fsite%2Fde%2Fschulferien-kalender%2F|||&#8221; css=&#8221;.vc_custom_1702375472766{margin-top: 12px !important;margin-bottom: 5px !important;border-top-width: 0px !important;padding-top: 0px !important;}&#8221;][\/vc_column_inner][\/vc_row_inner][vc_separator][vc_column_text]<\/p>\n<h4><strong><i class=\"icon-info-circled\" style=\"color:rgb(123,33,33)\" aria-hidden=\"true\"><\/i>Busse, die von au\u00dferhalb der Stadtgrenzen Luxemburgs kommen<\/strong><\/h4>\n<p>F\u00fcr Kinderg\u00e4rten, Grundschulen und Sekundarschulen -Die Association des Transports Scolaires des Ecoles Europ\u00e9ennes (ATSEE) organisiert den Bustransport von au\u00dferhalb der Stadtgrenzen von Luxemburg. Weitere Informationen finden Sie auf der Webseite der <a href=\"https:\/\/atseee.eu\/\" target=\"_blank\" rel=\"noopener noreferrer\">ATSEE<\/a>.<\/p>\n<p><strong>Association des Transports Scolaires des Ecoles Europ\u00e9ennes (ATSEE)<\/strong><br \/>\nEurop\u00e4isches Parlament, ADENAUER 00X003, L-2929 Luxembourg<br \/>\n<i class=\"icon-phone\" style=\"\" aria-hidden=\"true\"><\/i> (+352) 4300 22934 | <i class=\"icon-mobile\" style=\"\" aria-hidden=\"true\"><\/i> (+352) 621 149 673 | <i class=\"icon-email\" style=\"\" aria-hidden=\"true\"><\/i> <a href=\"mailto:info@atseee.eu\">Email<\/a> | <a href=\"https:\/\/atseee.eu\/\" target=\"_blank\" rel=\"noopener noreferrer\">Website: https:\/\/atseee.eu\/<\/a>[\/vc_column_text][vc_text_separator title=&#8221;Parkbereiche&#8221; i_type=&#8221;material&#8221; i_icon_material=&#8221;vc-material vc-material-directions_car&#8221; i_color=&#8221;black&#8221; add_icon=&#8221;true&#8221; css=&#8221;.vc_custom_1765718320120{margin-bottom: 0px !important;padding-bottom: 0px !important;}&#8221; el_id=&#8221;parking&#8221; el_class=&#8221;hide&#8221;][vc_column_text el_class=&#8221;hide&#8221;]<div class=\"image_frame image_item scale-with-grid element_classes aligncenter has_border mfn-img-box\"  role=\"link\" aria-label=\"Image with links\" tabindex=\"0\"><div class=\"image_wrapper\"><a href=\"http:\/\/www.euroschool.lu\/site\/wp-content\/uploads\/2019\/08\/parkings-map.png\" rel=\"prettyphoto\"   class=\"\"  tabindex=\"-1\" title=\"\"><div class=\"mask\"><\/div><img decoding=\"async\" class=\"scale-with-grid\" src=\"http:\/\/www.euroschool.lu\/site\/wp-content\/uploads\/2019\/08\/parkings-map.png\" alt=\"Finden Sie uns\" title=\"\" width=\"100%\" height=\"100%\" style=\"\"\/><\/a><div class=\"image_links\"><a href=\"http:\/\/www.euroschool.lu\/site\/wp-content\/uploads\/2019\/08\/parkings-map.png\" class=\"zoom\" rel=\"prettyphoto\" tabindex=\"-1\" aria-label=\"zoom image\" title=\"\"><svg viewBox=\"0 0 26 26\"><defs><style>.path{fill:none;stroke:#333;stroke-miterlimit:10;stroke-width:1.5px;}<\/style><\/defs><circle cx=\"11.35\" cy=\"11.35\" r=\"6\" class=\"path\"\/><line x1=\"15.59\" y1=\"15.59\" x2=\"20.65\" y2=\"20.65\" class=\"path\"\/><\/svg><\/a><\/div><\/div><\/div>\n[\/vc_column_text][vc_separator style=&#8221;double&#8221;][\/vc_column][\/vc_row][vc_row][vc_column][vc_empty_space height=&#8221;20&#8243;][\/vc_column][\/vc_row]<\/p>\n<\/div>","protected":false},"excerpt":{"rendered":"<p>[vc_row full_width=&#8221;stretch_row_content_no_spaces&#8221; css=&#8221;.vc_custom_1589920007717{margin-bottom: 0px !important;}&#8221;][vc_column css=&#8221;.vc_custom_1589920029564{margin-bottom: 0px !important;}&#8221; offset=&#8221;vc_hidden-sm vc_hidden-xs&#8221;][vc_custom_heading text=&#8221;&#8221; font_container=&#8221;tag:h1|text_align:left&#8221; use_theme_fonts=&#8221;yes&#8221; el_class=&#8221;custom-header&#8221; css=&#8221;.vc_custom_1656330678455{background-image:<span class=\"excerpt-hellip\"> [\u2026]<\/span><\/p>\n","protected":false},"author":1,"featured_media":0,"parent":0,"menu_order":0,"comment_status":"closed","ping_status":"closed","template":"","meta":{"footnotes":""},"categories":[69],"class_list":["post-4955","page","type-page","status-publish","hentry","category-_page-main-de"],"_links":{"self":[{"href":"https:\/\/www.euroschool.lu\/site\/wp-json\/wp\/v2\/pages\/4955","targetHints":{"allow":["GET"]}}],"collection":[{"href":"https:\/\/www.euroschool.lu\/site\/wp-json\/wp\/v2\/pages"}],"about":[{"href":"https:\/\/www.euroschool.lu\/site\/wp-json\/wp\/v2\/types\/page"}],"author":[{"embeddable":true,"href":"https:\/\/www.euroschool.lu\/site\/wp-json\/wp\/v2\/users\/1"}],"replies":[{"embeddable":true,"href":"https:\/\/www.euroschool.lu\/site\/wp-json\/wp\/v2\/comments?post=4955"}],"version-history":[{"count":36,"href":"https:\/\/www.euroschool.lu\/site\/wp-json\/wp\/v2\/pages\/4955\/revisions"}],"predecessor-version":[{"id":20300,"href":"https:\/\/www.euroschool.lu\/site\/wp-json\/wp\/v2\/pages\/4955\/revisions\/20300"}],"wp:attachment":[{"href":"https:\/\/www.euroschool.lu\/site\/wp-json\/wp\/v2\/media?parent=4955"}],"wp:term":[{"taxonomy":"category","embeddable":true,"href":"https:\/\/www.euroschool.lu\/site\/wp-json\/wp\/v2\/categories?post=4955"}],"curies":[{"name":"wp","href":"https:\/\/api.w.org\/{rel}","templated":true}]}}