{"id":4880,"date":"2019-11-17T17:51:53","date_gmt":"2019-11-17T16:51:53","guid":{"rendered":"http:\/\/www.euroschool.lu\/site\/?page_id=4880"},"modified":"2025-10-19T15:57:50","modified_gmt":"2025-10-19T13:57:50","slug":"kindergarten-und-grundschule-generalkoordinatoren","status":"publish","type":"page","link":"https:\/\/www.euroschool.lu\/site\/de\/kindergarten-und-grundschule-generalkoordinatoren\/","title":{"rendered":"Kindergarten und Grundschule : Generalkoordinatoren"},"content":{"rendered":"<div class=\"wpb-content-wrapper\"><p>[vc_row full_width=&#8221;stretch_row_content_no_spaces&#8221; css=&#8221;.vc_custom_1589920007717{margin-bottom: 0px !important;}&#8221;][vc_column css=&#8221;.vc_custom_1589920029564{margin-bottom: 0px !important;}&#8221; offset=&#8221;vc_hidden-sm vc_hidden-xs&#8221;][vc_custom_heading text=&#8221;&#8221; font_container=&#8221;tag:h1|text_align:left&#8221; use_theme_fonts=&#8221;yes&#8221; el_class=&#8221;custom-header&#8221; css=&#8221;.vc_custom_1624522712838{background-image: url(http:\/\/www.euroschool.lu\/site\/wp-content\/uploads\/2021\/06\/coordinateur.jpg?id=11603) !important;background-position: center !important;background-repeat: no-repeat !important;background-size: cover !important;}&#8221;][\/vc_column][\/vc_row][vc_row full_width=&#8221;stretch_row_content_no_spaces&#8221; css=&#8221;.vc_custom_1589920007717{margin-bottom: 0px !important;}&#8221;][vc_column css=&#8221;.vc_custom_1589920591194{margin-bottom: 0px !important;}&#8221; offset=&#8221;vc_hidden-lg vc_hidden-md&#8221;][vc_custom_heading text=&#8221;&#8221; font_container=&#8221;tag:h1|text_align:left&#8221; use_theme_fonts=&#8221;yes&#8221; el_class=&#8221;custom-header-mob&#8221; css=&#8221;.vc_custom_1624522724601{background-image: url(http:\/\/www.euroschool.lu\/site\/wp-content\/uploads\/2021\/06\/coordinateur.jpg?id=11603) !important;background-position: center !important;background-repeat: no-repeat !important;background-size: cover !important;}&#8221;][\/vc_column][\/vc_row][vc_row el_class=&#8221;main-box&#8221;][vc_column width=&#8221;1\/5&#8243; offset=&#8221;vc_hidden-md vc_hidden-sm vc_hidden-xs&#8221; el_class=&#8221;sidebar-menu&#8221;][vc_widget_sidebar sidebar_id=&#8221;sidebar-sidebar-menu-nurpri-de&#8221; el_class=&#8221;sidebar-menu-nurpri&#8221;][\/vc_column][vc_column width=&#8221;4\/5&#8243; el_class=&#8221;main-column&#8221;][vc_column_text el_class=&#8221;page-title&#8221;]<\/p>\n<h1>Kindergarten und Grundschule : Generalkoordinatoren<\/h1>\n<p>[\/vc_column_text][vc_btn title=&#8221;Kontaktieren Sie die Generalkoordinatoren&#8221; style=&#8221;classic&#8221; color=&#8221;sky&#8221; align=&#8221;right&#8221; i_type=&#8221;entypo&#8221; i_icon_entypo=&#8221;entypo-icon entypo-icon-link&#8221; add_icon=&#8221;true&#8221; link=&#8221;url:https%3A%2F%2Fwww.euroschool.lu%2Fsite%2Fde%2Fkontakt%2F%23nur-pri-general-coordinators|||&#8221; css=&#8221;.vc_custom_1757780693825{margin-top: 30px !important;}&#8221;][vc_separator align=&#8221;align_right&#8221; el_width=&#8221;50&#8243;][vc_column_text css=&#8221;.vc_custom_1760882000036{padding-top: 10px !important;padding-left: 50px !important;}&#8221;]Unsere 5 allgemeinen Koordinatoren sind ein wesentliches Bindeglied zwischen Lehrkr\u00e4ften, Sch\u00fclerinnen und Sch\u00fclern, Eltern und der Schulleitung.<\/p>\n<p>&nbsp;<\/p>\n<div class=\"team team_vertical\"><div class=\"image_frame photo no_link scale-with-grid\"><div class=\"image_wrapper\"><img loading=\"lazy\" decoding=\"async\" class=\"scale-with-grid\" src=\"http:\/\/www.euroschool.lu\/site\/wp-content\/uploads\/2020\/06\/FD.jpg\" alt=\"FD\" width=\"105\" height=\"147\"\/><\/div><\/div><div class=\"desc_wrapper clearfix\"><h4 class=\"desc_wrappper_title \">Frau Florence Delenclos<\/h4><p class=\"subtitle\">Allgemeine Koordinatorin f\u00fcr F\u00f6rderma\u00dfnahmen<\/p><hr class=\"hr_color\" \/><div class=\"desc\">Gesamtkoordination der Abteilung und \u00dcberwachung der Umsetzung der p\u00e4dagogischen Ziele f\u00fcr alle Formen des F\u00f6rderunterrichts (allgemein, moderat, intensiv).<\/div><\/div><\/div>\n\n<p>&nbsp;<\/p>\n<div class=\"team team_vertical\"><div class=\"image_frame photo no_link scale-with-grid\"><div class=\"image_wrapper\"><img loading=\"lazy\" decoding=\"async\" class=\"scale-with-grid\" src=\"http:\/\/www.euroschool.lu\/site\/wp-content\/uploads\/2020\/09\/MH.jpg\" alt=\"MH\" width=\"105\" height=\"147\"\/><\/div><\/div><div class=\"desc_wrapper clearfix\"><h4 class=\"desc_wrappper_title \">Herr Miikka Heinonen<\/h4><p class=\"subtitle\">Allgemeiner Koordinator f\u00fcr Bildung und Schulleben<\/p><hr class=\"hr_color\" \/><div class=\"desc\">Der allgemeine Koordinator f\u00fcr Bildung und Schulleben unterst\u00fctzt den stellvertretenden Direktor bei der Verwaltung aller Aspekte, die das Verhalten der Sch\u00fcler, ihr Wohlbefinden, ihre Anwesenheit und das Schulleben au\u00dferhalb des Klassenzimmers betreffen. Der Koordinator ist ein zentraler Ansprechpartner f\u00fcr Lehrkr\u00e4fte und Eltern in diesen Angelegenheiten und tr\u00e4gt zur F\u00f6rderung eines sicheren, respektvollen und unterst\u00fctzenden Schulumfelds bei. Er nimmt au\u00dferdem Funktionen bei der Organisation des Schullebens und beim Aufbau p\u00e4dagogischer Beziehungen zu Sch\u00fclerinnen, Sch\u00fclern und Familien wahr.<\/div><\/div><\/div>\n\n<p>&nbsp;<\/p>\n<div class=\"team team_vertical\"><div class=\"image_frame photo no_link scale-with-grid\"><div class=\"image_wrapper\"><img loading=\"lazy\" decoding=\"async\" class=\"scale-with-grid\" src=\"https:\/\/www.euroschool.lu\/site\/wp-content\/uploads\/2025\/10\/NurPri-Liselore.jpeg\" alt=\"NurPri-Liselore\" width=\"115\" height=\"153\"\/><\/div><\/div><div class=\"desc_wrapper clearfix\"><h4 class=\"desc_wrappper_title \">Frau Liselore Frielink<\/h4><p class=\"subtitle\">Allgemeine Koordinatorin f\u00fcr Verwaltung und Organisation<\/p><hr class=\"hr_color\" \/><div class=\"desc\">Die allgemeine Koordinatorin f\u00fcr Organisation unterst\u00fctzt die praktische und logistische Organisation des t\u00e4glichen Schulbetriebs im Kindergarten- und Primarbereich. Sie fungiert als Schnittstelle zwischen p\u00e4dagogischem Personal, Diensten und externen Partnern.<\/div><\/div><\/div>\n\n<p>&nbsp;<\/p>\n<div class=\"team team_vertical\"><div class=\"image_frame photo no_link scale-with-grid\"><div class=\"image_wrapper\"><img loading=\"lazy\" decoding=\"async\" class=\"scale-with-grid\" src=\"https:\/\/www.euroschool.lu\/site\/wp-content\/uploads\/2025\/10\/NurPri-Jessica.jpg\" alt=\"NurPri-Jessica\" width=\"115\" height=\"160\"\/><\/div><\/div><div class=\"desc_wrapper clearfix\"><h4 class=\"desc_wrappper_title \">Frau Jessica Hochstras<\/h4><p class=\"subtitle\">Allgemeine Koordinatorin f\u00fcr den Kindergarten<\/p><hr class=\"hr_color\" \/><div class=\"desc\">Die Allgemeine Koordinatorin f\u00fcr den Kindergarten arbeitet mit dem stellvertretenden Direktor und dem Assistenten des stellvertretenden Direktors f\u00fcr Kindergarten und Primarstufe zusammen, um Sitzungen durchzuf\u00fchren, mit Partnern zusammenzuarbeiten und Aktivit\u00e4ten auf Kindergartenebene zu leiten und zu verwalten.<\/div><\/div><\/div>\n\n<p>&nbsp;<\/p>\n<div class=\"team team_vertical\"><div class=\"image_frame photo no_link scale-with-grid\"><div class=\"image_wrapper\"><img loading=\"lazy\" decoding=\"async\" class=\"scale-with-grid\" src=\"https:\/\/www.euroschool.lu\/site\/wp-content\/uploads\/2025\/10\/NurPri-Luis.jpeg\" alt=\"NurPri-Luis\" width=\"120\" height=\"160\"\/><\/div><\/div><div class=\"desc_wrapper clearfix\"><h4 class=\"desc_wrappper_title \">Herr Luis Paulo Pinho da Silva<\/h4><p class=\"subtitle\">Allgemeiner Koordinator f\u00fcr p\u00e4dagogische Entwicklung<\/p><hr class=\"hr_color\" \/><div class=\"desc\">Der Koordinator f\u00fcr p\u00e4dagogische Entwicklung arbeitet eng mit der Schulleitung zusammen bei der Umsetzung von Projekten und p\u00e4dagogischen. Er unterst\u00fctzt die Lehrerausbildung und -integration und tr\u00e4gt zur Weiterentwicklung der Unterrichtspraktiken und F\u00f6rderma\u00dfnahmen bei.<\/div><\/div><\/div>\n[\/vc_column_text][\/vc_column][\/vc_row][vc_row][vc_column][vc_empty_space height=&#8221;20&#8243;][\/vc_column][\/vc_row]<\/p>\n<\/div>","protected":false},"excerpt":{"rendered":"<p>[vc_row full_width=&#8221;stretch_row_content_no_spaces&#8221; css=&#8221;.vc_custom_1589920007717{margin-bottom: 0px !important;}&#8221;][vc_column css=&#8221;.vc_custom_1589920029564{margin-bottom: 0px !important;}&#8221; offset=&#8221;vc_hidden-sm vc_hidden-xs&#8221;][vc_custom_heading text=&#8221;&#8221; font_container=&#8221;tag:h1|text_align:left&#8221; use_theme_fonts=&#8221;yes&#8221; el_class=&#8221;custom-header&#8221; css=&#8221;.vc_custom_1624522712838{background-image:<span class=\"excerpt-hellip\"> [\u2026]<\/span><\/p>\n","protected":false},"author":1,"featured_media":0,"parent":0,"menu_order":0,"comment_status":"closed","ping_status":"closed","template":"","meta":{"footnotes":""},"categories":[65],"class_list":["post-4880","page","type-page","status-publish","hentry","category-_page-nurpri-de"],"_links":{"self":[{"href":"https:\/\/www.euroschool.lu\/site\/wp-json\/wp\/v2\/pages\/4880","targetHints":{"allow":["GET"]}}],"collection":[{"href":"https:\/\/www.euroschool.lu\/site\/wp-json\/wp\/v2\/pages"}],"about":[{"href":"https:\/\/www.euroschool.lu\/site\/wp-json\/wp\/v2\/types\/page"}],"author":[{"embeddable":true,"href":"https:\/\/www.euroschool.lu\/site\/wp-json\/wp\/v2\/users\/1"}],"replies":[{"embeddable":true,"href":"https:\/\/www.euroschool.lu\/site\/wp-json\/wp\/v2\/comments?post=4880"}],"version-history":[{"count":30,"href":"https:\/\/www.euroschool.lu\/site\/wp-json\/wp\/v2\/pages\/4880\/revisions"}],"predecessor-version":[{"id":19971,"href":"https:\/\/www.euroschool.lu\/site\/wp-json\/wp\/v2\/pages\/4880\/revisions\/19971"}],"wp:attachment":[{"href":"https:\/\/www.euroschool.lu\/site\/wp-json\/wp\/v2\/media?parent=4880"}],"wp:term":[{"taxonomy":"category","embeddable":true,"href":"https:\/\/www.euroschool.lu\/site\/wp-json\/wp\/v2\/categories?post=4880"}],"curies":[{"name":"wp","href":"https:\/\/api.w.org\/{rel}","templated":true}]}}

<div class="wpb-content-wrapper"><p>[vc_row full_width=&#8221;stretch_row_content_no_spaces&#8221; css=&#8221;.vc_custom_1589920007717{margin-bottom: 0px !important;}&#8221;][vc_column css=&#8221;.vc_custom_1589920029564{margin-bottom: 0px !important;}&#8221; offset=&#8221;vc_hidden-sm vc_hidden-xs&#8221;][vc_custom_heading text=&#8221;&#8221; font_container=&#8221;tag:h1|text_align:left&#8221; use_theme_fonts=&#8221;yes&#8221; el_class=&#8221;custom-header&#8221; css=&#8221;.vc_custom_1624522712838{background-image: url(http://www.euroschool.lu/site/wp-content/uploads/2021/06/coordinateur.jpg?id=11603) !important;background-position: center !important;background-repeat: no-repeat !important;background-size: cover !important;}&#8221;][/vc_column][/vc_row][vc_row full_width=&#8221;stretch_row_content_no_spaces&#8221; css=&#8221;.vc_custom_1589920007717{margin-bottom: 0px !important;}&#8221;][vc_column css=&#8221;.vc_custom_1589920591194{margin-bottom: 0px !important;}&#8221; offset=&#8221;vc_hidden-lg vc_hidden-md&#8221;][vc_custom_heading text=&#8221;&#8221; font_container=&#8221;tag:h1|text_align:left&#8221; use_theme_fonts=&#8221;yes&#8221; el_class=&#8221;custom-header-mob&#8221; css=&#8221;.vc_custom_1624522724601{background-image: url(http://www.euroschool.lu/site/wp-content/uploads/2021/06/coordinateur.jpg?id=11603) !important;background-position: center !important;background-repeat: no-repeat !important;background-size: cover !important;}&#8221;][/vc_column][/vc_row][vc_row el_class=&#8221;main-box&#8221;][vc_column width=&#8221;1/5&#8243; offset=&#8221;vc_hidden-md vc_hidden-sm vc_hidden-xs&#8221; el_class=&#8221;sidebar-menu&#8221;][vc_widget_sidebar sidebar_id=&#8221;sidebar-sidebar-menu-nurpri-de&#8221; el_class=&#8221;sidebar-menu-nurpri&#8221;][/vc_column][vc_column width=&#8221;4/5&#8243; el_class=&#8221;main-column&#8221;][vc_column_text el_class=&#8221;page-title&#8221;]</p>
<h1>Kindergarten und Grundschule : Generalkoordinatoren</h1>
<p>[/vc_column_text][vc_btn title=&#8221;Kontaktieren Sie die Generalkoordinatoren&#8221; style=&#8221;classic&#8221; color=&#8221;sky&#8221; align=&#8221;right&#8221; i_type=&#8221;entypo&#8221; i_icon_entypo=&#8221;entypo-icon entypo-icon-link&#8221; add_icon=&#8221;true&#8221; link=&#8221;url:https%3A%2F%2Fwww.euroschool.lu%2Fsite%2Fde%2Fkontakt%2F%23nur-pri-general-coordinators|||&#8221; css=&#8221;.vc_custom_1757780693825{margin-top: 30px !important;}&#8221;][vc_separator align=&#8221;align_right&#8221; el_width=&#8221;50&#8243;][vc_column_text css=&#8221;.vc_custom_1760882000036{padding-top: 10px !important;padding-left: 50px !important;}&#8221;]Unsere 5 allgemeinen Koordinatoren sind ein wesentliches Bindeglied zwischen Lehrkräften, Schülerinnen und Schülern, Eltern und der Schulleitung.</p>
<p>&nbsp;</p>
<div class="team team_vertical"><div class="image_frame photo no_link scale-with-grid"><div class="image_wrapper"><img loading="lazy" decoding="async" class="scale-with-grid" src="http://www.euroschool.lu/site/wp-content/uploads/2020/06/FD.jpg" alt="FD" width="105" height="147"/></div></div><div class="desc_wrapper clearfix"><h4 class="desc_wrappper_title ">Frau Florence Delenclos</h4><p class="subtitle">Allgemeine Koordinatorin für Fördermaßnahmen</p><hr class="hr_color" /><div class="desc">Gesamtkoordination der Abteilung und Überwachung der Umsetzung der pädagogischen Ziele für alle Formen des Förderunterrichts (allgemein, moderat, intensiv).</div></div></div>

<p>&nbsp;</p>
<div class="team team_vertical"><div class="image_frame photo no_link scale-with-grid"><div class="image_wrapper"><img loading="lazy" decoding="async" class="scale-with-grid" src="http://www.euroschool.lu/site/wp-content/uploads/2020/09/MH.jpg" alt="MH" width="105" height="147"/></div></div><div class="desc_wrapper clearfix"><h4 class="desc_wrappper_title ">Herr Miikka Heinonen</h4><p class="subtitle">Allgemeiner Koordinator für Bildung und Schulleben</p><hr class="hr_color" /><div class="desc">Der allgemeine Koordinator für Bildung und Schulleben unterstützt den stellvertretenden Direktor bei der Verwaltung aller Aspekte, die das Verhalten der Schüler, ihr Wohlbefinden, ihre Anwesenheit und das Schulleben außerhalb des Klassenzimmers betreffen. Der Koordinator ist ein zentraler Ansprechpartner für Lehrkräfte und Eltern in diesen Angelegenheiten und trägt zur Förderung eines sicheren, respektvollen und unterstützenden Schulumfelds bei. Er nimmt außerdem Funktionen bei der Organisation des Schullebens und beim Aufbau pädagogischer Beziehungen zu Schülerinnen, Schülern und Familien wahr.</div></div></div>

<p>&nbsp;</p>
<div class="team team_vertical"><div class="image_frame photo no_link scale-with-grid"><div class="image_wrapper"><img loading="lazy" decoding="async" class="scale-with-grid" src="https://www.euroschool.lu/site/wp-content/uploads/2025/10/NurPri-Liselore.jpeg" alt="NurPri-Liselore" width="115" height="153"/></div></div><div class="desc_wrapper clearfix"><h4 class="desc_wrappper_title ">Frau Liselore Frielink</h4><p class="subtitle">Allgemeine Koordinatorin für Verwaltung und Organisation</p><hr class="hr_color" /><div class="desc">Die allgemeine Koordinatorin für Organisation unterstützt die praktische und logistische Organisation des täglichen Schulbetriebs im Kindergarten- und Primarbereich. Sie fungiert als Schnittstelle zwischen pädagogischem Personal, Diensten und externen Partnern.</div></div></div>

<p>&nbsp;</p>
<div class="team team_vertical"><div class="image_frame photo no_link scale-with-grid"><div class="image_wrapper"><img loading="lazy" decoding="async" class="scale-with-grid" src="https://www.euroschool.lu/site/wp-content/uploads/2025/10/NurPri-Jessica.jpg" alt="NurPri-Jessica" width="115" height="160"/></div></div><div class="desc_wrapper clearfix"><h4 class="desc_wrappper_title ">Frau Jessica Hochstras</h4><p class="subtitle">Allgemeine Koordinatorin für den Kindergarten</p><hr class="hr_color" /><div class="desc">Die Allgemeine Koordinatorin für den Kindergarten arbeitet mit dem stellvertretenden Direktor und dem Assistenten des stellvertretenden Direktors für Kindergarten und Primarstufe zusammen, um Sitzungen durchzuführen, mit Partnern zusammenzuarbeiten und Aktivitäten auf Kindergartenebene zu leiten und zu verwalten.</div></div></div>

<p>&nbsp;</p>
<div class="team team_vertical"><div class="image_frame photo no_link scale-with-grid"><div class="image_wrapper"><img loading="lazy" decoding="async" class="scale-with-grid" src="https://www.euroschool.lu/site/wp-content/uploads/2025/10/NurPri-Luis.jpeg" alt="NurPri-Luis" width="120" height="160"/></div></div><div class="desc_wrapper clearfix"><h4 class="desc_wrappper_title ">Herr Luis Paulo Pinho da Silva</h4><p class="subtitle">Allgemeiner Koordinator für pädagogische Entwicklung</p><hr class="hr_color" /><div class="desc">Der Koordinator für pädagogische Entwicklung arbeitet eng mit der Schulleitung zusammen bei der Umsetzung von Projekten und pädagogischen. Er unterstützt die Lehrerausbildung und -integration und trägt zur Weiterentwicklung der Unterrichtspraktiken und Fördermaßnahmen bei.</div></div></div>
[/vc_column_text][/vc_column][/vc_row][vc_row][vc_column][vc_empty_space height=&#8221;20&#8243;][/vc_column][/vc_row]</p>
</div>
