{"id":4079,"date":"2019-09-05T00:28:47","date_gmt":"2019-09-04T22:28:47","guid":{"rendered":"http:\/\/www.euroschool.lu\/site\/?page_id=4079"},"modified":"2025-09-05T22:12:14","modified_gmt":"2025-09-05T20:12:14","slug":"mot-de-bienvenue-du-directeur","status":"publish","type":"page","link":"https:\/\/www.euroschool.lu\/site\/fr\/mot-de-bienvenue-du-directeur\/","title":{"rendered":"Mot de bienvenue du Directeur"},"content":{"rendered":"<div class=\"wpb-content-wrapper\"><p>[vc_row full_width=&#8221;stretch_row_content_no_spaces&#8221; css=&#8221;.vc_custom_1589920007717{margin-bottom: 0px !important;}&#8221;][vc_column css=&#8221;.vc_custom_1589920029564{margin-bottom: 0px !important;}&#8221; offset=&#8221;vc_hidden-sm vc_hidden-xs&#8221;][vc_custom_heading text=&#8221;&#8221; font_container=&#8221;tag:h1|text_align:left&#8221; use_theme_fonts=&#8221;yes&#8221; el_class=&#8221;custom-header&#8221; css=&#8221;.vc_custom_1624010849105{background-image: url(http:\/\/www.euroschool.lu\/site\/wp-content\/uploads\/2021\/06\/director-welcome.jpg?id=11270) !important;background-position: center !important;background-repeat: no-repeat !important;background-size: cover !important;}&#8221;][\/vc_column][\/vc_row][vc_row full_width=&#8221;stretch_row_content_no_spaces&#8221; css=&#8221;.vc_custom_1589920007717{margin-bottom: 0px !important;}&#8221;][vc_column css=&#8221;.vc_custom_1589920591194{margin-bottom: 0px !important;}&#8221; offset=&#8221;vc_hidden-lg vc_hidden-md&#8221;][vc_custom_heading text=&#8221;&#8221; font_container=&#8221;tag:h1|text_align:left&#8221; use_theme_fonts=&#8221;yes&#8221; el_class=&#8221;custom-header-mob&#8221; css=&#8221;.vc_custom_1624010859275{background-image: url(http:\/\/www.euroschool.lu\/site\/wp-content\/uploads\/2021\/06\/director-welcome.jpg?id=11270) !important;background-position: center !important;background-repeat: no-repeat !important;background-size: cover !important;}&#8221;][\/vc_column][\/vc_row][vc_row el_class=&#8221;main-box&#8221;][vc_column width=&#8221;1\/5&#8243; el_class=&#8221;sidebar-menu&#8221; offset=&#8221;vc_hidden-md vc_hidden-sm vc_hidden-xs&#8221;][vc_widget_sidebar sidebar_id=&#8221;sidebar-sidebar-menu-about-fr&#8221; el_class=&#8221;sidebar-menu-about&#8221;][\/vc_column][vc_column width=&#8221;4\/5&#8243; el_class=&#8221;main-column&#8221;][vc_column_text el_class=&#8221;page-title&#8221;]<\/p>\n<h1>Mot de bienvenue du Directeur<\/h1>\n<p>[\/vc_column_text][vc_column_text css=&#8221;.vc_custom_1757103118814{padding-top: 10px !important;}&#8221;]<img loading=\"lazy\" decoding=\"async\" class=\"welcome-photo wp-image-16931 size-medium alignright\" src=\"https:\/\/www.euroschool.lu\/site\/wp-content\/uploads\/2023\/09\/MW-200x300.png\" alt=\"\" width=\"200\" height=\"300\" srcset=\"https:\/\/www.euroschool.lu\/site\/wp-content\/uploads\/2023\/09\/MW-200x300.png 200w, https:\/\/www.euroschool.lu\/site\/wp-content\/uploads\/2023\/09\/MW-97x146.png 97w, https:\/\/www.euroschool.lu\/site\/wp-content\/uploads\/2023\/09\/MW-33x50.png 33w, https:\/\/www.euroschool.lu\/site\/wp-content\/uploads\/2023\/09\/MW-50x75.png 50w, https:\/\/www.euroschool.lu\/site\/wp-content\/uploads\/2023\/09\/MW.png 280w\" sizes=\"auto, (max-width:767px) 200px, 200px\" \/><\/p>\n<p><strong>Chers parents, chers \u00e9l\u00e8ves,<\/strong><\/p>\n<p>Je vous souhaite \u00e0 toutes et \u00e0 tous la bienvenue en ce d\u00e9but d\u2019ann\u00e9e scolaire. J\u2019esp\u00e8re que vous avez pass\u00e9 des vacances reposantes et que vous avez pu faire le plein d\u2019\u00e9nergie pour l\u2019ann\u00e9e scolaire 2025\u20132026.<\/p>\n<p>L\u2019ann\u00e9e \u00e9coul\u00e9e a \u00e9t\u00e9 riche en \u00e9v\u00e9nements et en r\u00e9ussites. Cette ann\u00e9e encore, nous avons pr\u00e9vu de nombreux projets et activit\u00e9s dans tous les cycles, que nous vous pr\u00e9senterons plus en d\u00e9tail au cours des prochains mois.<\/p>\n<p>D\u2019ores et d\u00e9j\u00e0, j\u2019aimerais attirer votre attention sur le <strong>march\u00e9 de No\u00ebl traditionnel<\/strong> des deux \u00c9coles europ\u00e9ennes, qui aura lieu dans notre \u00e9cole durant la p\u00e9riode de l\u2019Avent.<\/p>\n<p>Dans le cycle secondaire, nos \u00e9l\u00e8ves participeront de nouveau \u00e0 la grande manifestation <strong>\u00ab Eurosport \u00bb<\/strong>, organis\u00e9e r\u00e9guli\u00e8rement pour toutes les \u00c9coles europ\u00e9ennes. De plus, la participation de nos \u00e9l\u00e8ves au <strong>Marathon ING<\/strong> est pr\u00e9vue. \u00c0 c\u00f4t\u00e9 de ces moments sportifs, nous souhaitons \u00e9galement offrir des exp\u00e9riences culturelles : apr\u00e8s le grand succ\u00e8s de l\u2019an pass\u00e9, nous pr\u00e9parons \u00e0 nouveau la repr\u00e9sentation d\u2019une <strong>com\u00e9die musicale<\/strong>.<\/p>\n<p>Au printemps, notre cycle secondaire participera une nouvelle fois au projet <strong>\u00ab PISA for Schools \u00bb<\/strong>, organis\u00e9 dans toutes les \u00c9coles europ\u00e9ennes.<\/p>\n<p>Un autre moment fort sera la <strong>Journ\u00e9e de l\u2019Europe<\/strong> en mai 2026, \u00e0 laquelle prendront part tous les \u00e9l\u00e8ves de tous les cycles.<\/p>\n<p>\u00c0 c\u00f4t\u00e9 de ces perspectives enthousiasmantes, je tiens \u00e9galement \u00e0 vous rappeler un changement dans le syst\u00e8me \u00e9ducatif luxembourgeois, qui concerne \u00e9galement les \u00c9coles europ\u00e9ennes. Depuis l\u2019ann\u00e9e scolaire 2024\u20132025, nous sommes tenus d\u2019appliquer la <strong>loi du 20.07.2023 sur l\u2019obligation scolaire<\/strong>. Cette loi pr\u00e9voit notamment la prolongation de la scolarit\u00e9 obligatoire jusqu\u2019\u00e0 l\u2019\u00e2ge de 18 ans et fixe les modalit\u00e9s de contr\u00f4le de son respect (inscription et assiduit\u00e9). L\u2019\u00e9cole est donc tenue d\u2019informer r\u00e9guli\u00e8rement le Minist\u00e8re de l\u2019\u00c9ducation nationale, de l\u2019Enfance et de la Jeunesse au sujet des \u00e9l\u00e8ves r\u00e9sidents inscrits, et de signaler au moins une fois par mois les absences injustifi\u00e9es. Vous avez d\u00e9j\u00e0 re\u00e7u l\u2019an dernier une communication d\u00e9taill\u00e9e expliquant les modalit\u00e9s d\u2019application de cette loi.<\/p>\n<p>Nous continuerons \u00e9galement \u00e0 vous informer des travaux li\u00e9s au tram et de leurs impacts concrets sur l\u2019acc\u00e8s \u00e0 l\u2019\u00e9cole.<\/p>\n<p>Pour conclure, je souhaite \u00e0 chacune et chacun d\u2019entre vous une ann\u00e9e scolaire 2025\u20132026 r\u00e9ussie, enrichissante et \u00e9panouissante.<\/p>\n<p>Cordiales salutations,<\/p>\n<p>M. Wedel<br \/>\nDirecteur[\/vc_column_text][vc_separator style=&#8221;double&#8221; css=&#8221;.vc_custom_1624951861910{margin-bottom: 0px !important;border-bottom-width: 0px !important;padding-bottom: 10px !important;}&#8221;][\/vc_column][\/vc_row][vc_row][vc_column][vc_empty_space height=&#8221;20&#8243;][\/vc_column][\/vc_row]<\/p>\n<\/div>","protected":false},"excerpt":{"rendered":"<p>[vc_row full_width=&#8221;stretch_row_content_no_spaces&#8221; css=&#8221;.vc_custom_1589920007717{margin-bottom: 0px !important;}&#8221;][vc_column css=&#8221;.vc_custom_1589920029564{margin-bottom: 0px !important;}&#8221; offset=&#8221;vc_hidden-sm vc_hidden-xs&#8221;][vc_custom_heading text=&#8221;&#8221; font_container=&#8221;tag:h1|text_align:left&#8221; use_theme_fonts=&#8221;yes&#8221; el_class=&#8221;custom-header&#8221; css=&#8221;.vc_custom_1624010849105{background-image:<span class=\"excerpt-hellip\"> [\u2026]<\/span><\/p>\n","protected":false},"author":1,"featured_media":0,"parent":0,"menu_order":0,"comment_status":"closed","ping_status":"closed","template":"","meta":{"footnotes":""},"categories":[67],"class_list":["post-4079","page","type-page","status-publish","hentry","category-_page-main-fr-2"],"_links":{"self":[{"href":"https:\/\/www.euroschool.lu\/site\/wp-json\/wp\/v2\/pages\/4079","targetHints":{"allow":["GET"]}}],"collection":[{"href":"https:\/\/www.euroschool.lu\/site\/wp-json\/wp\/v2\/pages"}],"about":[{"href":"https:\/\/www.euroschool.lu\/site\/wp-json\/wp\/v2\/types\/page"}],"author":[{"embeddable":true,"href":"https:\/\/www.euroschool.lu\/site\/wp-json\/wp\/v2\/users\/1"}],"replies":[{"embeddable":true,"href":"https:\/\/www.euroschool.lu\/site\/wp-json\/wp\/v2\/comments?post=4079"}],"version-history":[{"count":31,"href":"https:\/\/www.euroschool.lu\/site\/wp-json\/wp\/v2\/pages\/4079\/revisions"}],"predecessor-version":[{"id":19636,"href":"https:\/\/www.euroschool.lu\/site\/wp-json\/wp\/v2\/pages\/4079\/revisions\/19636"}],"wp:attachment":[{"href":"https:\/\/www.euroschool.lu\/site\/wp-json\/wp\/v2\/media?parent=4079"}],"wp:term":[{"taxonomy":"category","embeddable":true,"href":"https:\/\/www.euroschool.lu\/site\/wp-json\/wp\/v2\/categories?post=4079"}],"curies":[{"name":"wp","href":"https:\/\/api.w.org\/{rel}","templated":true}]}}

<div class="wpb-content-wrapper"><p>[vc_row full_width=&#8221;stretch_row_content_no_spaces&#8221; css=&#8221;.vc_custom_1589920007717{margin-bottom: 0px !important;}&#8221;][vc_column css=&#8221;.vc_custom_1589920029564{margin-bottom: 0px !important;}&#8221; offset=&#8221;vc_hidden-sm vc_hidden-xs&#8221;][vc_custom_heading text=&#8221;&#8221; font_container=&#8221;tag:h1|text_align:left&#8221; use_theme_fonts=&#8221;yes&#8221; el_class=&#8221;custom-header&#8221; css=&#8221;.vc_custom_1624010849105{background-image: url(http://www.euroschool.lu/site/wp-content/uploads/2021/06/director-welcome.jpg?id=11270) !important;background-position: center !important;background-repeat: no-repeat !important;background-size: cover !important;}&#8221;][/vc_column][/vc_row][vc_row full_width=&#8221;stretch_row_content_no_spaces&#8221; css=&#8221;.vc_custom_1589920007717{margin-bottom: 0px !important;}&#8221;][vc_column css=&#8221;.vc_custom_1589920591194{margin-bottom: 0px !important;}&#8221; offset=&#8221;vc_hidden-lg vc_hidden-md&#8221;][vc_custom_heading text=&#8221;&#8221; font_container=&#8221;tag:h1|text_align:left&#8221; use_theme_fonts=&#8221;yes&#8221; el_class=&#8221;custom-header-mob&#8221; css=&#8221;.vc_custom_1624010859275{background-image: url(http://www.euroschool.lu/site/wp-content/uploads/2021/06/director-welcome.jpg?id=11270) !important;background-position: center !important;background-repeat: no-repeat !important;background-size: cover !important;}&#8221;][/vc_column][/vc_row][vc_row el_class=&#8221;main-box&#8221;][vc_column width=&#8221;1/5&#8243; el_class=&#8221;sidebar-menu&#8221; offset=&#8221;vc_hidden-md vc_hidden-sm vc_hidden-xs&#8221;][vc_widget_sidebar sidebar_id=&#8221;sidebar-sidebar-menu-about-fr&#8221; el_class=&#8221;sidebar-menu-about&#8221;][/vc_column][vc_column width=&#8221;4/5&#8243; el_class=&#8221;main-column&#8221;][vc_column_text el_class=&#8221;page-title&#8221;]</p>
<h1>Mot de bienvenue du Directeur</h1>
<p>[/vc_column_text][vc_column_text css=&#8221;.vc_custom_1757103118814{padding-top: 10px !important;}&#8221;]<img loading="lazy" decoding="async" class="welcome-photo wp-image-16931 size-medium alignright" src="https://www.euroschool.lu/site/wp-content/uploads/2023/09/MW-200x300.png" alt="" width="200" height="300" srcset="https://www.euroschool.lu/site/wp-content/uploads/2023/09/MW-200x300.png 200w, https://www.euroschool.lu/site/wp-content/uploads/2023/09/MW-97x146.png 97w, https://www.euroschool.lu/site/wp-content/uploads/2023/09/MW-33x50.png 33w, https://www.euroschool.lu/site/wp-content/uploads/2023/09/MW-50x75.png 50w, https://www.euroschool.lu/site/wp-content/uploads/2023/09/MW.png 280w" sizes="auto, (max-width:767px) 200px, 200px" /></p>
<p><strong>Chers parents, chers élèves,</strong></p>
<p>Je vous souhaite à toutes et à tous la bienvenue en ce début d’année scolaire. J’espère que vous avez passé des vacances reposantes et que vous avez pu faire le plein d’énergie pour l’année scolaire 2025–2026.</p>
<p>L’année écoulée a été riche en événements et en réussites. Cette année encore, nous avons prévu de nombreux projets et activités dans tous les cycles, que nous vous présenterons plus en détail au cours des prochains mois.</p>
<p>D’ores et déjà, j’aimerais attirer votre attention sur le <strong>marché de Noël traditionnel</strong> des deux Écoles européennes, qui aura lieu dans notre école durant la période de l’Avent.</p>
<p>Dans le cycle secondaire, nos élèves participeront de nouveau à la grande manifestation <strong>« Eurosport »</strong>, organisée régulièrement pour toutes les Écoles européennes. De plus, la participation de nos élèves au <strong>Marathon ING</strong> est prévue. À côté de ces moments sportifs, nous souhaitons également offrir des expériences culturelles : après le grand succès de l’an passé, nous préparons à nouveau la représentation d’une <strong>comédie musicale</strong>.</p>
<p>Au printemps, notre cycle secondaire participera une nouvelle fois au projet <strong>« PISA for Schools »</strong>, organisé dans toutes les Écoles européennes.</p>
<p>Un autre moment fort sera la <strong>Journée de l’Europe</strong> en mai 2026, à laquelle prendront part tous les élèves de tous les cycles.</p>
<p>À côté de ces perspectives enthousiasmantes, je tiens également à vous rappeler un changement dans le système éducatif luxembourgeois, qui concerne également les Écoles européennes. Depuis l’année scolaire 2024–2025, nous sommes tenus d’appliquer la <strong>loi du 20.07.2023 sur l’obligation scolaire</strong>. Cette loi prévoit notamment la prolongation de la scolarité obligatoire jusqu’à l’âge de 18 ans et fixe les modalités de contrôle de son respect (inscription et assiduité). L’école est donc tenue d’informer régulièrement le Ministère de l’Éducation nationale, de l’Enfance et de la Jeunesse au sujet des élèves résidents inscrits, et de signaler au moins une fois par mois les absences injustifiées. Vous avez déjà reçu l’an dernier une communication détaillée expliquant les modalités d’application de cette loi.</p>
<p>Nous continuerons également à vous informer des travaux liés au tram et de leurs impacts concrets sur l’accès à l’école.</p>
<p>Pour conclure, je souhaite à chacune et chacun d’entre vous une année scolaire 2025–2026 réussie, enrichissante et épanouissante.</p>
<p>Cordiales salutations,</p>
<p>M. Wedel<br />
Directeur[/vc_column_text][vc_separator style=&#8221;double&#8221; css=&#8221;.vc_custom_1624951861910{margin-bottom: 0px !important;border-bottom-width: 0px !important;padding-bottom: 10px !important;}&#8221;][/vc_column][/vc_row][vc_row][vc_column][vc_empty_space height=&#8221;20&#8243;][/vc_column][/vc_row]</p>
</div>
