{"id":16953,"date":"2023-09-01T11:02:02","date_gmt":"2023-09-01T09:02:02","guid":{"rendered":"https:\/\/www.euroschool.lu\/site\/?page_id=16953"},"modified":"2023-09-01T11:02:02","modified_gmt":"2023-09-01T09:02:02","slug":"secondaire-mot-de-bienvenue-de-la-directrice-adjointe","status":"publish","type":"page","link":"https:\/\/www.euroschool.lu\/site\/fr\/secondaire-mot-de-bienvenue-de-la-directrice-adjointe\/","title":{"rendered":"Secondaire: Mot de bienvenue de la Directrice adjointe"},"content":{"rendered":"<div class=\"wpb-content-wrapper\"><p>[vc_row full_width=&#8221;stretch_row_content_no_spaces&#8221; css=&#8221;.vc_custom_1589920007717{margin-bottom: 0px !important;}&#8221;][vc_column css=&#8221;.vc_custom_1591370266455{margin-top: 0px !important;margin-bottom: 0px !important;}&#8221; offset=&#8221;vc_hidden-sm vc_hidden-xs&#8221;][vc_custom_heading text=&#8221;&#8221; font_container=&#8221;tag:h1|text_align:left&#8221; use_theme_fonts=&#8221;yes&#8221; el_class=&#8221;custom-header&#8221; css=&#8221;.vc_custom_1624010799638{background-image: url(http:\/\/www.euroschool.lu\/site\/wp-content\/uploads\/2021\/06\/director-welcome.jpg?id=11269) !important;background-position: center !important;background-repeat: no-repeat !important;background-size: cover !important;}&#8221;][\/vc_column][\/vc_row][vc_row full_width=&#8221;stretch_row_content_no_spaces&#8221; css=&#8221;.vc_custom_1589920007717{margin-bottom: 0px !important;}&#8221;][vc_column css=&#8221;.vc_custom_1589920591194{margin-bottom: 0px !important;}&#8221; offset=&#8221;vc_hidden-lg vc_hidden-md&#8221;][vc_custom_heading text=&#8221;&#8221; font_container=&#8221;tag:h1|text_align:left&#8221; use_theme_fonts=&#8221;yes&#8221; el_class=&#8221;custom-header-mob&#8221; css=&#8221;.vc_custom_1624010826135{background-image: url(http:\/\/www.euroschool.lu\/site\/wp-content\/uploads\/2021\/06\/director-welcome.jpg?id=11270) !important;background-position: center !important;background-repeat: no-repeat !important;background-size: cover !important;}&#8221;][\/vc_column][\/vc_row][vc_row el_class=&#8221;main-box&#8221;][vc_column width=&#8221;1\/5&#8243; el_class=&#8221;sidebar-menu&#8221; offset=&#8221;vc_hidden-md vc_hidden-sm vc_hidden-xs&#8221;][vc_widget_sidebar sidebar_id=&#8221;sidebar-sidebar-menu-sec-fr&#8221; el_class=&#8221;sidebar-menu-about&#8221;][\/vc_column][vc_column width=&#8221;4\/5&#8243; el_class=&#8221;main-column&#8221;][vc_column_text el_class=&#8221;page-title&#8221;]<\/p>\n<h1>Secondaire: Mot de bienvenue de la Directrice adjointe<\/h1>\n<p>[\/vc_column_text][vc_column_text css=&#8221;.vc_custom_1693558909697{padding-top: 10px !important;}&#8221;]<img loading=\"lazy\" decoding=\"async\" class=\"welcome-photo wp-image-16951 size-medium alignright\" src=\"https:\/\/www.euroschool.lu\/site\/wp-content\/uploads\/2023\/09\/CL-welcome-242x300.jpg\" alt=\"\" width=\"242\" height=\"300\" srcset=\"https:\/\/www.euroschool.lu\/site\/wp-content\/uploads\/2023\/09\/CL-welcome-242x300.jpg 242w, https:\/\/www.euroschool.lu\/site\/wp-content\/uploads\/2023\/09\/CL-welcome-118x146.jpg 118w, https:\/\/www.euroschool.lu\/site\/wp-content\/uploads\/2023\/09\/CL-welcome-40x50.jpg 40w, https:\/\/www.euroschool.lu\/site\/wp-content\/uploads\/2023\/09\/CL-welcome-61x75.jpg 61w, https:\/\/www.euroschool.lu\/site\/wp-content\/uploads\/2023\/09\/CL-welcome.jpg 248w\" sizes=\"auto, (max-width:767px) 242px, 242px\" \/><\/p>\n<p>Chers parents,<\/p>\n<p>En cette rentr\u00e9e 2023, c&#8217;est avec un immense plaisir que je me pr\u00e9sente en tant que nouvelle directrice adjointe, succ\u00e9dant \u00e0 M. Marco Alberici. Avant tout, je tiens \u00e0 vous adresser mes v\u0153ux les plus chaleureux pour une rentr\u00e9e scolaire emplie de joie et de succ\u00e8s, \u00e0 vous et \u00e0 vos enfants. C&#8217;est pour moi l&#8217;opportunit\u00e9 de partager bri\u00e8vement mon parcours professionnel.<\/p>\n<p>Cinq ann\u00e9es d&#8217;\u00e9tudes litt\u00e9raires classiques m&#8217;ont naturellement conduite vers le m\u00e9tier de professeur de Lettres et de Latin. Ma formation litt\u00e9raire a non seulement nourri ma passion pour l&#8217;apprentissage, mais a \u00e9galement jet\u00e9 les bases d&#8217;une carri\u00e8re d&#8217;enseignement d\u00e9vou\u00e9e et passionn\u00e9e, s&#8217;\u00e9tendant sur 24 ann\u00e9es couvrant diff\u00e9rents pays tels que la France, la Belgique et le Luxembourg. J&#8217;ai eu, en effet, la chance de travailler en qualit\u00e9 de professeur d\u00e9tach\u00e9 et de coordinatrice de langues \u00e0 l&#8217;\u00c9cole europ\u00e9enne de Luxembourg 1 de 2007 \u00e0 2016.<\/p>\n<p>Chaque salle de classe m&#8217;a offert une fen\u00eatre unique sur le monde, me permettant d&#8217;adapter mes m\u00e9thodes p\u00e9dagogiques pour r\u00e9pondre aux besoins sp\u00e9cifiques de chaque contexte culturel. Au-del\u00e0 de la transmission de connaissances, j&#8217;ai toujours cherch\u00e9 \u00e0 encourager la compr\u00e9hension mutuelle et le respect, des valeurs essentielles pour former les citoyens de demain.<\/p>\n<p>Cependant, ma carri\u00e8re s&#8217;est \u00e9galement \u00e9tendue au-del\u00e0 de l&#8217;enseignement. J&#8217;ai eu le privil\u00e8ge de participer activement \u00e0 la cr\u00e9ation de la toute premi\u00e8re \u00e9cole europ\u00e9enne publique \u00e0 Luxembourg : l\u2019EIDE \u2013 \u00c9cole Internationale de Differdange et d&#8217;Esch-sur-Alzette. Par la suite, au sein de cette m\u00eame \u00e9cole, j&#8217;ai occup\u00e9 la fonction d\u2019attach\u00e9 de Direction en promouvant le syst\u00e8me europ\u00e9en et contribuant au d\u00e9veloppement de l\u2019Ecole.<\/p>\n<p>Mon parcours m&#8217;a \u00e9galement guid\u00e9e vers le Minist\u00e8re de l&#8217;\u00c9ducation nationale au Luxembourg, o\u00f9 l&#8217;on m&#8217;a propos\u00e9 en 2020 de participer au d\u00e9veloppement du SOIE, Service des Offres Internationales et Europ\u00e9ennes. Cette exp\u00e9rience m&#8217;a offert une perspective \u00e9largie des enjeux \u00e9ducatifs \u00e0 grande \u00e9chelle. J&#8217;ai ainsi pris part activement \u00e0 l&#8217;ouverture de nouvelles \u00e9coles europ\u00e9ennes publiques au Luxembourg, dont l&#8217;EIGT (\u00c9cole Internationale Gaston Thorn).<\/p>\n<p>Enfin, \u00e0 partir de 2021, j&#8217;ai eu l&#8217;honneur de repr\u00e9senter Monsieur le Ministre de l&#8217;\u00c9ducation nationale en tant que Cheffe de la d\u00e9l\u00e9gation aupr\u00e8s du Conseil sup\u00e9rieur des \u00e9coles europ\u00e9ennes dans diff\u00e9rentes instances comme le Conseil sup\u00e9rieur et le Comit\u00e9 budg\u00e9taire. Cette responsabilit\u00e9 m\u2019a ainsi permis de m&#8217;impliquer activement dans des discussions et d\u00e9cisions essentielles pour l&#8217;avenir des \u00c9coles europ\u00e9ennes en pleine mutation.<\/p>\n<p>C&#8217;est avec un enthousiasme sinc\u00e8re que je partage ces exp\u00e9riences r\u00e9solument europ\u00e9ennes avec vous, convaincue que notre collaboration collective continuera de cr\u00e9er un environnement \u00e9ducatif stimulant et inclusif pour les \u00e9l\u00e8ves. Je me r\u00e9jouis \u00e0 l&#8217;avance de nos \u00e9changes fructueux.<\/p>\n<p>Tr\u00e8s bonne rentr\u00e9e \u00e0 tous !<\/p>\n<p>C. Lemari\u00e9<br \/>\nDirectrice-adjointe Secondaire[\/vc_column_text][vc_separator style=&#8221;double&#8221; css=&#8221;.vc_custom_1624951834770{margin-bottom: 0px !important;border-bottom-width: 0px !important;padding-bottom: 10px !important;}&#8221;][\/vc_column][\/vc_row][vc_row][vc_column][vc_empty_space height=&#8221;20&#8243;][\/vc_column][\/vc_row]<\/p>\n<\/div>","protected":false},"excerpt":{"rendered":"<p>[vc_row full_width=&#8221;stretch_row_content_no_spaces&#8221; css=&#8221;.vc_custom_1589920007717{margin-bottom: 0px !important;}&#8221;][vc_column css=&#8221;.vc_custom_1591370266455{margin-top: 0px !important;margin-bottom: 0px !important;}&#8221; offset=&#8221;vc_hidden-sm vc_hidden-xs&#8221;][vc_custom_heading text=&#8221;&#8221; font_container=&#8221;tag:h1|text_align:left&#8221; use_theme_fonts=&#8221;yes&#8221;<span class=\"excerpt-hellip\"> [\u2026]<\/span><\/p>\n","protected":false},"author":1,"featured_media":0,"parent":0,"menu_order":0,"comment_status":"closed","ping_status":"closed","template":"","meta":{"footnotes":""},"categories":[59],"class_list":["post-16953","page","type-page","status-publish","hentry","category-_page-sec-fr"],"_links":{"self":[{"href":"https:\/\/www.euroschool.lu\/site\/wp-json\/wp\/v2\/pages\/16953","targetHints":{"allow":["GET"]}}],"collection":[{"href":"https:\/\/www.euroschool.lu\/site\/wp-json\/wp\/v2\/pages"}],"about":[{"href":"https:\/\/www.euroschool.lu\/site\/wp-json\/wp\/v2\/types\/page"}],"author":[{"embeddable":true,"href":"https:\/\/www.euroschool.lu\/site\/wp-json\/wp\/v2\/users\/1"}],"replies":[{"embeddable":true,"href":"https:\/\/www.euroschool.lu\/site\/wp-json\/wp\/v2\/comments?post=16953"}],"version-history":[{"count":1,"href":"https:\/\/www.euroschool.lu\/site\/wp-json\/wp\/v2\/pages\/16953\/revisions"}],"predecessor-version":[{"id":16954,"href":"https:\/\/www.euroschool.lu\/site\/wp-json\/wp\/v2\/pages\/16953\/revisions\/16954"}],"wp:attachment":[{"href":"https:\/\/www.euroschool.lu\/site\/wp-json\/wp\/v2\/media?parent=16953"}],"wp:term":[{"taxonomy":"category","embeddable":true,"href":"https:\/\/www.euroschool.lu\/site\/wp-json\/wp\/v2\/categories?post=16953"}],"curies":[{"name":"wp","href":"https:\/\/api.w.org\/{rel}","templated":true}]}}

<div class="wpb-content-wrapper"><p>[vc_row full_width=&#8221;stretch_row_content_no_spaces&#8221; css=&#8221;.vc_custom_1589920007717{margin-bottom: 0px !important;}&#8221;][vc_column css=&#8221;.vc_custom_1591370266455{margin-top: 0px !important;margin-bottom: 0px !important;}&#8221; offset=&#8221;vc_hidden-sm vc_hidden-xs&#8221;][vc_custom_heading text=&#8221;&#8221; font_container=&#8221;tag:h1|text_align:left&#8221; use_theme_fonts=&#8221;yes&#8221; el_class=&#8221;custom-header&#8221; css=&#8221;.vc_custom_1624010799638{background-image: url(http://www.euroschool.lu/site/wp-content/uploads/2021/06/director-welcome.jpg?id=11269) !important;background-position: center !important;background-repeat: no-repeat !important;background-size: cover !important;}&#8221;][/vc_column][/vc_row][vc_row full_width=&#8221;stretch_row_content_no_spaces&#8221; css=&#8221;.vc_custom_1589920007717{margin-bottom: 0px !important;}&#8221;][vc_column css=&#8221;.vc_custom_1589920591194{margin-bottom: 0px !important;}&#8221; offset=&#8221;vc_hidden-lg vc_hidden-md&#8221;][vc_custom_heading text=&#8221;&#8221; font_container=&#8221;tag:h1|text_align:left&#8221; use_theme_fonts=&#8221;yes&#8221; el_class=&#8221;custom-header-mob&#8221; css=&#8221;.vc_custom_1624010826135{background-image: url(http://www.euroschool.lu/site/wp-content/uploads/2021/06/director-welcome.jpg?id=11270) !important;background-position: center !important;background-repeat: no-repeat !important;background-size: cover !important;}&#8221;][/vc_column][/vc_row][vc_row el_class=&#8221;main-box&#8221;][vc_column width=&#8221;1/5&#8243; el_class=&#8221;sidebar-menu&#8221; offset=&#8221;vc_hidden-md vc_hidden-sm vc_hidden-xs&#8221;][vc_widget_sidebar sidebar_id=&#8221;sidebar-sidebar-menu-sec-fr&#8221; el_class=&#8221;sidebar-menu-about&#8221;][/vc_column][vc_column width=&#8221;4/5&#8243; el_class=&#8221;main-column&#8221;][vc_column_text el_class=&#8221;page-title&#8221;]</p>
<h1>Secondaire: Mot de bienvenue de la Directrice adjointe</h1>
<p>[/vc_column_text][vc_column_text css=&#8221;.vc_custom_1693558909697{padding-top: 10px !important;}&#8221;]<img loading="lazy" decoding="async" class="welcome-photo wp-image-16951 size-medium alignright" src="https://www.euroschool.lu/site/wp-content/uploads/2023/09/CL-welcome-242x300.jpg" alt="" width="242" height="300" srcset="https://www.euroschool.lu/site/wp-content/uploads/2023/09/CL-welcome-242x300.jpg 242w, https://www.euroschool.lu/site/wp-content/uploads/2023/09/CL-welcome-118x146.jpg 118w, https://www.euroschool.lu/site/wp-content/uploads/2023/09/CL-welcome-40x50.jpg 40w, https://www.euroschool.lu/site/wp-content/uploads/2023/09/CL-welcome-61x75.jpg 61w, https://www.euroschool.lu/site/wp-content/uploads/2023/09/CL-welcome.jpg 248w" sizes="auto, (max-width:767px) 242px, 242px" /></p>
<p>Chers parents,</p>
<p>En cette rentrée 2023, c&#8217;est avec un immense plaisir que je me présente en tant que nouvelle directrice adjointe, succédant à M. Marco Alberici. Avant tout, je tiens à vous adresser mes vœux les plus chaleureux pour une rentrée scolaire emplie de joie et de succès, à vous et à vos enfants. C&#8217;est pour moi l&#8217;opportunité de partager brièvement mon parcours professionnel.</p>
<p>Cinq années d&#8217;études littéraires classiques m&#8217;ont naturellement conduite vers le métier de professeur de Lettres et de Latin. Ma formation littéraire a non seulement nourri ma passion pour l&#8217;apprentissage, mais a également jeté les bases d&#8217;une carrière d&#8217;enseignement dévouée et passionnée, s&#8217;étendant sur 24 années couvrant différents pays tels que la France, la Belgique et le Luxembourg. J&#8217;ai eu, en effet, la chance de travailler en qualité de professeur détaché et de coordinatrice de langues à l&#8217;École européenne de Luxembourg 1 de 2007 à 2016.</p>
<p>Chaque salle de classe m&#8217;a offert une fenêtre unique sur le monde, me permettant d&#8217;adapter mes méthodes pédagogiques pour répondre aux besoins spécifiques de chaque contexte culturel. Au-delà de la transmission de connaissances, j&#8217;ai toujours cherché à encourager la compréhension mutuelle et le respect, des valeurs essentielles pour former les citoyens de demain.</p>
<p>Cependant, ma carrière s&#8217;est également étendue au-delà de l&#8217;enseignement. J&#8217;ai eu le privilège de participer activement à la création de la toute première école européenne publique à Luxembourg : l’EIDE – École Internationale de Differdange et d&#8217;Esch-sur-Alzette. Par la suite, au sein de cette même école, j&#8217;ai occupé la fonction d’attaché de Direction en promouvant le système européen et contribuant au développement de l’Ecole.</p>
<p>Mon parcours m&#8217;a également guidée vers le Ministère de l&#8217;Éducation nationale au Luxembourg, où l&#8217;on m&#8217;a proposé en 2020 de participer au développement du SOIE, Service des Offres Internationales et Européennes. Cette expérience m&#8217;a offert une perspective élargie des enjeux éducatifs à grande échelle. J&#8217;ai ainsi pris part activement à l&#8217;ouverture de nouvelles écoles européennes publiques au Luxembourg, dont l&#8217;EIGT (École Internationale Gaston Thorn).</p>
<p>Enfin, à partir de 2021, j&#8217;ai eu l&#8217;honneur de représenter Monsieur le Ministre de l&#8217;Éducation nationale en tant que Cheffe de la délégation auprès du Conseil supérieur des écoles européennes dans différentes instances comme le Conseil supérieur et le Comité budgétaire. Cette responsabilité m’a ainsi permis de m&#8217;impliquer activement dans des discussions et décisions essentielles pour l&#8217;avenir des Écoles européennes en pleine mutation.</p>
<p>C&#8217;est avec un enthousiasme sincère que je partage ces expériences résolument européennes avec vous, convaincue que notre collaboration collective continuera de créer un environnement éducatif stimulant et inclusif pour les élèves. Je me réjouis à l&#8217;avance de nos échanges fructueux.</p>
<p>Très bonne rentrée à tous !</p>
<p>C. Lemarié<br />
Directrice-adjointe Secondaire[/vc_column_text][vc_separator style=&#8221;double&#8221; css=&#8221;.vc_custom_1624951834770{margin-bottom: 0px !important;border-bottom-width: 0px !important;padding-bottom: 10px !important;}&#8221;][/vc_column][/vc_row][vc_row][vc_column][vc_empty_space height=&#8221;20&#8243;][/vc_column][/vc_row]</p>
</div>
