{"id":12829,"date":"2021-07-28T16:44:25","date_gmt":"2021-07-28T14:44:25","guid":{"rendered":"http:\/\/www.euroschool.lu\/site\/?page_id=12829"},"modified":"2025-10-19T18:33:56","modified_gmt":"2025-10-19T16:33:56","slug":"maternelle-et-primaire-salle-sensorielle","status":"publish","type":"page","link":"https:\/\/www.euroschool.lu\/site\/fr\/maternelle-et-primaire-salle-sensorielle\/","title":{"rendered":"Maternelle et primaire : Salle sensorielle"},"content":{"rendered":"<div class=\"wpb-content-wrapper\"><p>[vc_row full_width=&#8221;stretch_row_content_no_spaces&#8221; css=&#8221;.vc_custom_1589920007717{margin-bottom: 0px !important;}&#8221;][vc_column css=&#8221;.vc_custom_1589920029564{margin-bottom: 0px !important;}&#8221; offset=&#8221;vc_hidden-sm vc_hidden-xs&#8221;][vc_custom_heading text=&#8221;&#8221; font_container=&#8221;tag:h1|text_align:left&#8221; use_theme_fonts=&#8221;yes&#8221; el_class=&#8221;custom-header&#8221; css=&#8221;.vc_custom_1625831805328{background-image: url(http:\/\/www.euroschool.lu\/site\/wp-content\/uploads\/2021\/07\/Nurs_Primary_Sensoryroom.jpg?id=12535) !important;background-position: center !important;background-repeat: no-repeat !important;background-size: cover !important;}&#8221;][\/vc_column][\/vc_row][vc_row full_width=&#8221;stretch_row_content_no_spaces&#8221; css=&#8221;.vc_custom_1589920007717{margin-bottom: 0px !important;}&#8221;][vc_column css=&#8221;.vc_custom_1589920591194{margin-bottom: 0px !important;}&#8221; offset=&#8221;vc_hidden-lg vc_hidden-md&#8221;][vc_custom_heading text=&#8221;&#8221; font_container=&#8221;tag:h1|text_align:left&#8221; use_theme_fonts=&#8221;yes&#8221; el_class=&#8221;custom-header-mob&#8221; css=&#8221;.vc_custom_1625831838946{background-image: url(http:\/\/www.euroschool.lu\/site\/wp-content\/uploads\/2021\/07\/Nurs_Primary_Sensoryroom.jpg?id=12535) !important;background-position: center !important;background-repeat: no-repeat !important;background-size: cover !important;}&#8221;][\/vc_column][\/vc_row][vc_row el_class=&#8221;main-box&#8221;][vc_column width=&#8221;1\/5&#8243; offset=&#8221;vc_hidden-md vc_hidden-sm vc_hidden-xs&#8221; el_class=&#8221;sidebar-menu&#8221;][vc_widget_sidebar sidebar_id=&#8221;sidebar-sidebar-menu-nurpri-fr&#8221; el_class=&#8221;sidebar-menu-nurpri&#8221;][\/vc_column][vc_column width=&#8221;4\/5&#8243; el_class=&#8221;main-column&#8221;][vc_column_text el_class=&#8221;page-title&#8221;]<\/p>\n<h1>Maternelle et Primaire : Salle sensorielle<\/h1>\n<p>[\/vc_column_text][vc_column_text]<span data-contrast=\"auto\">Une pi\u00e8ce sensorielle est une pi\u00e8ce sp\u00e9ciale con\u00e7ue pour d\u00e9velopper les sens d&#8217;une personne, g\u00e9n\u00e9ralement gr\u00e2ce \u00e0 un \u00e9clairage, une musique et des objets sp\u00e9ciaux.\u00a0 Elle peut \u00eatre utilis\u00e9e comme th\u00e9rapie pour les enfants dont les capacit\u00e9s de communication sont limit\u00e9es, mais aussi pour les enfants qui ont des difficult\u00e9s \u00e0 exprimer leurs sentiments, \u00e0 se calmer ou \u00e0 g\u00e9rer leurs peurs et leur agressivit\u00e9.<\/span><span data-ccp-props=\"{&quot;201341983&quot;:0,&quot;335559739&quot;:160,&quot;335559740&quot;:259}\">\u00a0<\/span><\/p>\n<p><span data-contrast=\"auto\">Depuis avril 2019, nous avons cr\u00e9\u00e9 une salle sensorielle dans chacune des \u00e9coles maternelles et primaires, ce qui a \u00e9t\u00e9 un grand succ\u00e8s et un soutien important pour nos \u00e9l\u00e8ves.<\/span><span data-ccp-props=\"{&quot;201341983&quot;:0,&quot;335559739&quot;:160,&quot;335559740&quot;:259}\">\u00a0<\/span><\/p>\n<p><span data-contrast=\"auto\">Une salle sensorielle offre aux enfants diff\u00e9rentes sources de stimulation gr\u00e2ce \u00e0 un \u00e9clairage sp\u00e9cial, de la musique et une s\u00e9lection d&#8217;objets tactiles et olfactifs.<\/span><span data-ccp-props=\"{&quot;201341983&quot;:0,&quot;335559739&quot;:160,&quot;335559740&quot;:259}\">\u00a0<\/span><\/p>\n<p><span data-contrast=\"auto\">Cet environnement favorise la d\u00e9tente physique et mentale.<\/span><span data-ccp-props=\"{&quot;201341983&quot;:0,&quot;335559739&quot;:160,&quot;335559740&quot;:259}\">\u00a0<\/span><\/p>\n<p><span data-contrast=\"auto\">Parmi les autres avantages, citons une meilleure concentration, une meilleure coordination \u0153il-main et un sentiment g\u00e9n\u00e9ral de bien-\u00eatre.<\/span><span data-ccp-props=\"{&quot;201341983&quot;:0,&quot;335559739&quot;:160,&quot;335559740&quot;:259}\">\u00a0<\/span><\/p>\n<p><span data-contrast=\"auto\">Les salles sensorielles sont tr\u00e8s importantes pour le d\u00e9veloppement des enfants, et notamment des enfants ayant des besoins sp\u00e9cifiques.<\/span><span data-ccp-props=\"{&quot;201341983&quot;:0,&quot;335559739&quot;:160,&quot;335559740&quot;:259}\">\u00a0<\/span>[\/vc_column_text][vc_separator style=&#8221;double&#8221; css=&#8221;.vc_custom_1624952643475{margin-top: 0px !important;border-top-width: 0px !important;padding-top: 10px !important;}&#8221;][\/vc_column][\/vc_row][vc_row][vc_column][vc_empty_space height=&#8221;20&#8243;][\/vc_column][\/vc_row]<\/p>\n<\/div>","protected":false},"excerpt":{"rendered":"<p>[vc_row full_width=&#8221;stretch_row_content_no_spaces&#8221; css=&#8221;.vc_custom_1589920007717{margin-bottom: 0px !important;}&#8221;][vc_column css=&#8221;.vc_custom_1589920029564{margin-bottom: 0px !important;}&#8221; offset=&#8221;vc_hidden-sm vc_hidden-xs&#8221;][vc_custom_heading text=&#8221;&#8221; font_container=&#8221;tag:h1|text_align:left&#8221; use_theme_fonts=&#8221;yes&#8221; el_class=&#8221;custom-header&#8221; css=&#8221;.vc_custom_1625831805328{background-image:<span class=\"excerpt-hellip\"> [\u2026]<\/span><\/p>\n","protected":false},"author":1,"featured_media":0,"parent":0,"menu_order":0,"comment_status":"closed","ping_status":"closed","template":"","meta":{"footnotes":""},"categories":[63],"class_list":["post-12829","page","type-page","status-publish","hentry","category-_page-nurpri-fr"],"_links":{"self":[{"href":"https:\/\/www.euroschool.lu\/site\/wp-json\/wp\/v2\/pages\/12829","targetHints":{"allow":["GET"]}}],"collection":[{"href":"https:\/\/www.euroschool.lu\/site\/wp-json\/wp\/v2\/pages"}],"about":[{"href":"https:\/\/www.euroschool.lu\/site\/wp-json\/wp\/v2\/types\/page"}],"author":[{"embeddable":true,"href":"https:\/\/www.euroschool.lu\/site\/wp-json\/wp\/v2\/users\/1"}],"replies":[{"embeddable":true,"href":"https:\/\/www.euroschool.lu\/site\/wp-json\/wp\/v2\/comments?post=12829"}],"version-history":[{"count":7,"href":"https:\/\/www.euroschool.lu\/site\/wp-json\/wp\/v2\/pages\/12829\/revisions"}],"predecessor-version":[{"id":20004,"href":"https:\/\/www.euroschool.lu\/site\/wp-json\/wp\/v2\/pages\/12829\/revisions\/20004"}],"wp:attachment":[{"href":"https:\/\/www.euroschool.lu\/site\/wp-json\/wp\/v2\/media?parent=12829"}],"wp:term":[{"taxonomy":"category","embeddable":true,"href":"https:\/\/www.euroschool.lu\/site\/wp-json\/wp\/v2\/categories?post=12829"}],"curies":[{"name":"wp","href":"https:\/\/api.w.org\/{rel}","templated":true}]}}

<div class="wpb-content-wrapper"><p>[vc_row full_width=&#8221;stretch_row_content_no_spaces&#8221; css=&#8221;.vc_custom_1589920007717{margin-bottom: 0px !important;}&#8221;][vc_column css=&#8221;.vc_custom_1589920029564{margin-bottom: 0px !important;}&#8221; offset=&#8221;vc_hidden-sm vc_hidden-xs&#8221;][vc_custom_heading text=&#8221;&#8221; font_container=&#8221;tag:h1|text_align:left&#8221; use_theme_fonts=&#8221;yes&#8221; el_class=&#8221;custom-header&#8221; css=&#8221;.vc_custom_1625831805328{background-image: url(http://www.euroschool.lu/site/wp-content/uploads/2021/07/Nurs_Primary_Sensoryroom.jpg?id=12535) !important;background-position: center !important;background-repeat: no-repeat !important;background-size: cover !important;}&#8221;][/vc_column][/vc_row][vc_row full_width=&#8221;stretch_row_content_no_spaces&#8221; css=&#8221;.vc_custom_1589920007717{margin-bottom: 0px !important;}&#8221;][vc_column css=&#8221;.vc_custom_1589920591194{margin-bottom: 0px !important;}&#8221; offset=&#8221;vc_hidden-lg vc_hidden-md&#8221;][vc_custom_heading text=&#8221;&#8221; font_container=&#8221;tag:h1|text_align:left&#8221; use_theme_fonts=&#8221;yes&#8221; el_class=&#8221;custom-header-mob&#8221; css=&#8221;.vc_custom_1625831838946{background-image: url(http://www.euroschool.lu/site/wp-content/uploads/2021/07/Nurs_Primary_Sensoryroom.jpg?id=12535) !important;background-position: center !important;background-repeat: no-repeat !important;background-size: cover !important;}&#8221;][/vc_column][/vc_row][vc_row el_class=&#8221;main-box&#8221;][vc_column width=&#8221;1/5&#8243; offset=&#8221;vc_hidden-md vc_hidden-sm vc_hidden-xs&#8221; el_class=&#8221;sidebar-menu&#8221;][vc_widget_sidebar sidebar_id=&#8221;sidebar-sidebar-menu-nurpri-fr&#8221; el_class=&#8221;sidebar-menu-nurpri&#8221;][/vc_column][vc_column width=&#8221;4/5&#8243; el_class=&#8221;main-column&#8221;][vc_column_text el_class=&#8221;page-title&#8221;]</p>
<h1>Maternelle et Primaire : Salle sensorielle</h1>
<p>[/vc_column_text][vc_column_text]<span data-contrast="auto">Une pièce sensorielle est une pièce spéciale conçue pour développer les sens d&#8217;une personne, généralement grâce à un éclairage, une musique et des objets spéciaux.  Elle peut être utilisée comme thérapie pour les enfants dont les capacités de communication sont limitées, mais aussi pour les enfants qui ont des difficultés à exprimer leurs sentiments, à se calmer ou à gérer leurs peurs et leur agressivité.</span><span data-ccp-props="{&quot;201341983&quot;:0,&quot;335559739&quot;:160,&quot;335559740&quot;:259}"> </span></p>
<p><span data-contrast="auto">Depuis avril 2019, nous avons créé une salle sensorielle dans chacune des écoles maternelles et primaires, ce qui a été un grand succès et un soutien important pour nos élèves.</span><span data-ccp-props="{&quot;201341983&quot;:0,&quot;335559739&quot;:160,&quot;335559740&quot;:259}"> </span></p>
<p><span data-contrast="auto">Une salle sensorielle offre aux enfants différentes sources de stimulation grâce à un éclairage spécial, de la musique et une sélection d&#8217;objets tactiles et olfactifs.</span><span data-ccp-props="{&quot;201341983&quot;:0,&quot;335559739&quot;:160,&quot;335559740&quot;:259}"> </span></p>
<p><span data-contrast="auto">Cet environnement favorise la détente physique et mentale.</span><span data-ccp-props="{&quot;201341983&quot;:0,&quot;335559739&quot;:160,&quot;335559740&quot;:259}"> </span></p>
<p><span data-contrast="auto">Parmi les autres avantages, citons une meilleure concentration, une meilleure coordination œil-main et un sentiment général de bien-être.</span><span data-ccp-props="{&quot;201341983&quot;:0,&quot;335559739&quot;:160,&quot;335559740&quot;:259}"> </span></p>
<p><span data-contrast="auto">Les salles sensorielles sont très importantes pour le développement des enfants, et notamment des enfants ayant des besoins spécifiques.</span><span data-ccp-props="{&quot;201341983&quot;:0,&quot;335559739&quot;:160,&quot;335559740&quot;:259}"> </span>[/vc_column_text][vc_separator style=&#8221;double&#8221; css=&#8221;.vc_custom_1624952643475{margin-top: 0px !important;border-top-width: 0px !important;padding-top: 10px !important;}&#8221;][/vc_column][/vc_row][vc_row][vc_column][vc_empty_space height=&#8221;20&#8243;][/vc_column][/vc_row]</p>
</div>
