{"id":12381,"date":"2021-07-06T16:43:28","date_gmt":"2021-07-06T14:43:28","guid":{"rendered":"http:\/\/www.euroschool.lu\/site\/?page_id=12381"},"modified":"2025-12-14T15:38:17","modified_gmt":"2025-12-14T14:38:17","slug":"notre-ecole","status":"publish","type":"page","link":"https:\/\/www.euroschool.lu\/site\/fr\/notre-ecole\/","title":{"rendered":"Notre \u00e9cole"},"content":{"rendered":"<div class=\"wpb-content-wrapper\"><p>[vc_row full_width=&#8221;stretch_row_content_no_spaces&#8221; css=&#8221;.vc_custom_1611423460520{margin-bottom: 0px !important;}&#8221;][vc_column css=&#8221;.vc_custom_1589920029564{margin-bottom: 0px !important;}&#8221; offset=&#8221;vc_hidden-sm vc_hidden-xs&#8221;][vc_custom_heading text=&#8221;&#8221; font_container=&#8221;tag:h1|text_align:left&#8221; use_theme_fonts=&#8221;yes&#8221; el_class=&#8221;custom-header&#8221; css=&#8221;.vc_custom_1623841810041{background-image: url(http:\/\/www.euroschool.lu\/site\/wp-content\/uploads\/2021\/06\/Slider_Our_School2.jpg?id=10868) !important;background-position: center !important;background-repeat: no-repeat !important;background-size: cover !important;}&#8221;][\/vc_column][\/vc_row][vc_row full_width=&#8221;stretch_row_content_no_spaces&#8221; css=&#8221;.vc_custom_1589920007717{margin-bottom: 0px !important;}&#8221;][vc_column css=&#8221;.vc_custom_1589920591194{margin-bottom: 0px !important;}&#8221; offset=&#8221;vc_hidden-lg vc_hidden-md&#8221;][vc_custom_heading text=&#8221;&#8221; font_container=&#8221;tag:h1|text_align:left&#8221; use_theme_fonts=&#8221;yes&#8221; el_class=&#8221;custom-header-mob&#8221; css=&#8221;.vc_custom_1623841822930{background-image: url(http:\/\/www.euroschool.lu\/site\/wp-content\/uploads\/2021\/06\/Slider_Our_School2.jpg?id=10868) !important;background-position: center !important;background-repeat: no-repeat !important;background-size: cover !important;}&#8221;][\/vc_column][\/vc_row][vc_row el_class=&#8221;main-box&#8221;][vc_column width=&#8221;1\/5&#8243; offset=&#8221;vc_hidden-md vc_hidden-sm vc_hidden-xs&#8221; el_class=&#8221;sidebar-menu&#8221;][vc_widget_sidebar sidebar_id=&#8221;sidebar-sidebar-menu-about-fr&#8221; el_class=&#8221;sidebar-menu-about&#8221;][\/vc_column][vc_column width=&#8221;4\/5&#8243; el_class=&#8221;main-column&#8221;][vc_column_text el_class=&#8221;page-title&#8221;]<\/p>\n<h1>Notre \u00e9cole<\/h1>\n<p>[\/vc_column_text][vc_column_text]Les \u00e9coles europ\u00e9ennes ont vu le jour en octobre 1953 \u00e0 Luxembourg, \u00e0 l\u2019initiative de fonctionnaires de la Communaut\u00e9 europ\u00e9enne du charbon et de l\u2019acier, avec le soutien des institutions de la Communaut\u00e9 et du gouvernement luxembourgeois. L\u2019\u00e9cole a d\u2019abord \u00e9t\u00e9 h\u00e9berg\u00e9e dans une maison de l\u2019avenue Pasteur (1953), puis \u00e0 la Villa Lentz, ensuite au Boulevard de la Foire (1957) et enfin sur le plateau du Kirchberg (1973-1974).\u00a0 Cette exp\u00e9rience d\u2019\u00e9ducation, c\u00f4te \u00e0 c\u00f4te, d\u2019enfants de langues maternelles et de nationalit\u00e9s diff\u00e9rentes se concr\u00e9tise rapidement gr\u00e2ce \u00e0 la coop\u00e9ration des six gouvernements et minist\u00e8res de l\u2019\u00e9ducation en mati\u00e8re de programmes, de nomination des enseignants, d\u2019inspection et de reconnaissance des niveaux atteints.\u00a0<span data-ccp-props=\"{&quot;201341983&quot;:0,&quot;335559739&quot;:160,&quot;335559740&quot;:240}\">\u00a0<\/span><\/p>\n<p><span data-contrast=\"none\">En avril 1957, la signature du protocole fait de l\u2019\u00e9cole de Luxembourg la premi\u00e8re \u00e9cole europ\u00e9enne officielle. Le premier baccalaur\u00e9at europ\u00e9en s\u2019y d\u00e9roule en juillet 1959 et le dipl\u00f4me est reconnu comme r\u00e9pondant aux conditions d\u2019admission de base par toutes les universit\u00e9s des \u00c9tats membres.<\/span><\/p>\n<p>Le succ\u00e8s de cette exp\u00e9rience \u00e9ducative a encourag\u00e9 la Communaut\u00e9 \u00e9conomique europ\u00e9enne et Euratom \u00e0 faire pression pour la cr\u00e9ation d\u2019autres \u00e9coles europ\u00e9ennes dans leurs diff\u00e9rents centres. Aujourd\u2019hui, il existe 13 \u00e9coles europ\u00e9ennes traditionnelles dans 6 pays diff\u00e9rents.<\/p>\n<p><span data-contrast=\"none\">Avant la cr\u00e9ation de l\u2019\u00c9cole europ\u00e9enne de Luxembourg II et la s\u00e9paration, dans un premier temps, du cycle maternel-primaire, la population scolaire de l\u2019\u00e9cole atteignait 3802 \u00e9l\u00e8ves, provenant des 27 \u00c9tats membres de l\u2019UE.\u00a0\u00a0Jusqu\u2019en septembre 2012, l\u2019Ecole europ\u00e9enne, Luxembourg I \u00e9tait la seule des Ecoles europ\u00e9ennes \u00e0 disposer de toutes les sections et groupes linguistiques.\u00a0\u00a0\u00a0<\/span><\/p>\n<p><span data-contrast=\"none\">Aujourd\u2019hui, notre \u00e9cole compte 3350 \u00e9l\u00e8ves inscrits dans 10 sections linguistiques : allemand, anglais, espagnol, finnois, fran\u00e7ais, lituanien, n\u00e9erlandais, polonais, portugais et su\u00e9dois. En outre, il existe 3 autres langues, appel\u00e9es SWALS (Students without Language Section) \u2013 bulgare, estonien, letton \u2013 dans lesquelles les \u00e9l\u00e8ves peuvent s\u2019inscrire.\u00a0\u00a0<\/span><\/p>\n<p><span data-contrast=\"none\">Nous sommes tr\u00e8s fiers de dire que les objectifs des \u00e9coles europ\u00e9ennes ont \u00e9t\u00e9 d\u00e9finis par le premier directeur de notre \u00e9cole, M. Marcel Decombis, et n\u2019ont rien perdu de leur validit\u00e9.<\/span>[\/vc_column_text][vc_column_text el_class=&#8221;quote&#8221; css=&#8221;.vc_custom_1643637805346{padding-right: 30px !important;padding-left: 30px !important;}&#8221;]<\/p>\n<h5>Les mots qui expriment les buts essentiels des \u00e9coles europ\u00e9ennes ont \u00e9t\u00e9 scell\u00e9s, dans les fondations de toutes les \u00e9coles :<\/h5>\n<p><span data-contrast=\"none\"><em><i class=\"icon-quote\" style=\"color:#dcdcdc\" aria-hidden=\"true\"><\/i><\/em>\u00c9duqu\u00e9s c\u00f4te \u00e0 c\u00f4te, \u00e0 l&#8217;abri d\u00e8s l&#8217;enfance des pr\u00e9jug\u00e9s qui divisent, familiaris\u00e9s avec tout ce qu&#8217;il y a de grand et de bon dans les diff\u00e9rentes cultures, ils se rendront compte en grandissant de leur appartenance commune. Sans cesser de regarder leurs propres terres avec amour et fiert\u00e9, ils deviendront dans leur esprit des Europ\u00e9ens, instruits et pr\u00eats \u00e0 achever et \u00e0 consolider l&#8217;\u0153uvre de leurs p\u00e8res avant eux, \u00e0 faire na\u00eetre une Europe unie et florissante. <em><i class=\"icon-quote\" style=\"color:#dcdcdc\" aria-hidden=\"true\"><\/i><\/em><\/span><\/p>\n<h6 style=\"text-align: right;\"><span data-contrast=\"none\">(Marcel Decombis, Directeur de l&#8217;Ecole europ\u00e9enne, Luxembourg entre 1953 et 1960)<\/span><\/h6>\n<p>[\/vc_column_text][vc_row_inner disable_element=&#8221;yes&#8221; css=&#8221;.vc_custom_1765723095696{margin-right: 20px !important;margin-left: 20px !important;background-color: #f4f4f4 !important;}&#8221;][vc_column_inner][vc_column_text css=&#8221;.vc_custom_1699968258236{margin-bottom: 0px !important;padding-bottom: 10px !important;}&#8221;]<\/p>\n<h3>Introducing the European School Luxembourg I<\/h3>\n<p>[\/vc_column_text][vc_single_image image=&#8221;17249&#8243; img_size=&#8221;medium&#8221; add_caption=&#8221;yes&#8221; style=&#8221;vc_box_rounded&#8221; onclick=&#8221;custom_link&#8221; img_link_target=&#8221;_blank&#8221; link=&#8221;https:\/\/today.rtl.lu\/luxembourg-insider\/family-and-school\/a\/2135358.html&#8221; css=&#8221;.vc_custom_1699968277059{margin-top: 0px !important;margin-bottom: 5px !important;padding-top: 0px !important;padding-bottom: 0px !important;}&#8221;][vc_column_text css=&#8221;.vc_custom_1699968377057{margin-bottom: 0px !important;padding-bottom: 20px !important;}&#8221;](https:\/\/today.rtl.lu\/)[\/vc_column_text][\/vc_column_inner][\/vc_row_inner][vc_column_text]<\/p>\n<h5><strong>La mission des \u00e9coles europ\u00e9ennes <\/strong><\/h5>\n<p>La mission des \u00e9coles europ\u00e9ennes est d&#8217;offrir \u00e0 tous les \u00e9l\u00e8ves une \u00e9ducation multilingue large et de haute qualit\u00e9, de l&#8217;enseignement pr\u00e9scolaire \u00e0 l&#8217;enseignement secondaire, et de pr\u00e9parer les \u00e9l\u00e8ves du secondaire sup\u00e9rieur \u00e0 la vie adulte et de constituer une base pour la poursuite de leur apprentissage.<\/p>\n<p>La mission de l&#8217;\u00e9cole europ\u00e9enne Luxembourg I est de fournir une \u00e9ducation multilingue et multiculturelle de haute qualit\u00e9 \u00e0 nos \u00e9l\u00e8ves dans un environnement qui garantit la s\u00e9curit\u00e9 et le bien-\u00eatre de tous.<\/p>\n<p>Les principaux objectifs sont :<\/p>\n<ul>\n<li>Offrir \u00e0 chaque \u00e9l\u00e8ve l&#8217;\u00e9ducation la plus large et de qualit\u00e9, de la maternelle au baccalaur\u00e9at, une \u00e9ducation qui donne \u00e0 nos \u00e9l\u00e8ves confiance en l&#8217;avenir.<\/li>\n<li>Former un citoyen europ\u00e9en, qui promeut nos valeurs communes et respecte la diversit\u00e9, un citoyen ayant l&#8217;esprit de solidarit\u00e9 et l&#8217;envie de r\u00e9aliser des projets communs.<\/li>\n<li>Promouvoir chez les \u00e9l\u00e8ves des capacit\u00e9s acad\u00e9miques globales, tant dans le domaine des comp\u00e9tences linguistiques que dans celui des math\u00e9matiques et des sciences.<\/li>\n<li>Renforcer l&#8217;importance de notre communaut\u00e9 scolaire, en cherchant \u00e0 mieux se conna\u00eetre, \u00e0 accro\u00eetre la coop\u00e9ration entre les parties prenantes et \u00e0 renforcer le dialogue et le respect dans notre environnement social et avec tous les partenaires possibles en dehors de l&#8217;\u00e9cole.<\/li>\n<\/ul>\n<p>[\/vc_column_text][vc_separator css=&#8221;.vc_custom_1643636765272{margin-top: 0px !important;margin-bottom: 0px !important;border-top-width: 0px !important;border-bottom-width: 0px !important;padding-top: 0px !important;padding-bottom: 0px !important;}&#8221;][vc_btn title=&#8221;Livret sur l&#8217;histoire des EE ; 2013&#8243; style=&#8221;classic&#8221; color=&#8221;sky&#8221; align=&#8221;left&#8221; i_icon_fontawesome=&#8221;fa fa-file-text-o&#8221; add_icon=&#8221;true&#8221; link=&#8221;url:http%3A%2F%2Fwww.euroschool.lu%2Fsite%2Fwp-content%2Fuploads%2F2021%2F07%2FHistory_ES.pdf||target:%20_blank|&#8221; css=&#8221;.vc_custom_1643636742176{margin-top: 20px !important;margin-bottom: 20px !important;}&#8221;][vc_separator style=&#8221;double&#8221; css=&#8221;.vc_custom_1643636498126{margin-top: 0px !important;margin-bottom: 0px !important;border-top-width: 0px !important;border-bottom-width: 0px !important;padding-top: 0px !important;padding-bottom: 0px !important;}&#8221;][\/vc_column][\/vc_row][vc_row][vc_column][vc_empty_space height=&#8221;20&#8243;][\/vc_column][\/vc_row]<\/p>\n<\/div>","protected":false},"excerpt":{"rendered":"<p>[vc_row full_width=&#8221;stretch_row_content_no_spaces&#8221; css=&#8221;.vc_custom_1611423460520{margin-bottom: 0px !important;}&#8221;][vc_column css=&#8221;.vc_custom_1589920029564{margin-bottom: 0px !important;}&#8221; offset=&#8221;vc_hidden-sm vc_hidden-xs&#8221;][vc_custom_heading text=&#8221;&#8221; font_container=&#8221;tag:h1|text_align:left&#8221; use_theme_fonts=&#8221;yes&#8221; el_class=&#8221;custom-header&#8221; css=&#8221;.vc_custom_1623841810041{background-image:<span class=\"excerpt-hellip\"> [\u2026]<\/span><\/p>\n","protected":false},"author":1,"featured_media":0,"parent":0,"menu_order":0,"comment_status":"closed","ping_status":"closed","template":"","meta":{"footnotes":""},"categories":[67],"class_list":["post-12381","page","type-page","status-publish","hentry","category-_page-main-fr-2"],"_links":{"self":[{"href":"https:\/\/www.euroschool.lu\/site\/wp-json\/wp\/v2\/pages\/12381","targetHints":{"allow":["GET"]}}],"collection":[{"href":"https:\/\/www.euroschool.lu\/site\/wp-json\/wp\/v2\/pages"}],"about":[{"href":"https:\/\/www.euroschool.lu\/site\/wp-json\/wp\/v2\/types\/page"}],"author":[{"embeddable":true,"href":"https:\/\/www.euroschool.lu\/site\/wp-json\/wp\/v2\/users\/1"}],"replies":[{"embeddable":true,"href":"https:\/\/www.euroschool.lu\/site\/wp-json\/wp\/v2\/comments?post=12381"}],"version-history":[{"count":18,"href":"https:\/\/www.euroschool.lu\/site\/wp-json\/wp\/v2\/pages\/12381\/revisions"}],"predecessor-version":[{"id":20305,"href":"https:\/\/www.euroschool.lu\/site\/wp-json\/wp\/v2\/pages\/12381\/revisions\/20305"}],"wp:attachment":[{"href":"https:\/\/www.euroschool.lu\/site\/wp-json\/wp\/v2\/media?parent=12381"}],"wp:term":[{"taxonomy":"category","embeddable":true,"href":"https:\/\/www.euroschool.lu\/site\/wp-json\/wp\/v2\/categories?post=12381"}],"curies":[{"name":"wp","href":"https:\/\/api.w.org\/{rel}","templated":true}]}}